Last updated on 2025-10-02 10:49:22 CEST.
Flavor | Version | Tinstall | Tcheck | Ttotal | Status | Flags |
---|---|---|---|---|---|---|
r-devel-linux-x86_64-debian-clang | 0.9-0 | 131.08 | 216.76 | 347.84 | OK | |
r-devel-linux-x86_64-debian-gcc | 0.9-0 | 82.94 | 145.87 | 228.81 | OK | |
r-devel-linux-x86_64-fedora-clang | 0.9-0 | 551.17 | OK | |||
r-devel-linux-x86_64-fedora-gcc | 0.9-0 | 530.01 | OK | |||
r-devel-windows-x86_64 | 0.9-0 | 120.00 | 205.00 | 325.00 | OK | |
r-patched-linux-x86_64 | 0.9-0 | 120.58 | 206.83 | 327.41 | OK | |
r-release-linux-x86_64 | 0.8-85 | 115.80 | 204.94 | 320.74 | NOTE | |
r-release-macos-arm64 | 0.8-85 | 106.00 | NOTE | |||
r-release-macos-x86_64 | 0.9-0 | 418.00 | OK | |||
r-release-windows-x86_64 | 0.9-0 | 122.00 | 222.00 | 344.00 | OK | |
r-oldrel-macos-arm64 | 0.8-85 | 112.00 | NOTE | |||
r-oldrel-macos-x86_64 | 0.9-0 | 318.00 | NOTE | |||
r-oldrel-windows-x86_64 | 0.9-0 | 132.00 | 263.00 | 395.00 | OK |
Version: 0.8-85
Check: C++ specification
Result: NOTE
Specified C++11: please drop specification unless essential
Flavors: r-release-linux-x86_64, r-release-macos-arm64, r-oldrel-macos-arm64
Version: 0.8-85
Check: installed package size
Result: NOTE
installed size is 8.3Mb
sub-directories of 1Mb or more:
libs 7.2Mb
Flavor: r-oldrel-macos-arm64
Version: 0.9-0
Check: installed package size
Result: NOTE
installed size is 8.4Mb
sub-directories of 1Mb or more:
libs 7.3Mb
Flavor: r-oldrel-macos-x86_64