Last updated on 2025-11-16 00:48:35 CET.
| Flavor | Version | Tinstall | Tcheck | Ttotal | Status | Flags |
|---|---|---|---|---|---|---|
| r-devel-linux-x86_64-debian-clang | 0.2.0 | 16.33 | 170.37 | 186.70 | OK | |
| r-devel-linux-x86_64-debian-gcc | 0.2.0 | 11.56 | 122.11 | 133.67 | OK | |
| r-devel-linux-x86_64-fedora-clang | 0.2.0 | 83.00 | 226.74 | 309.74 | OK | |
| r-devel-linux-x86_64-fedora-gcc | 0.2.0 | 77.00 | 219.89 | 296.89 | OK | |
| r-devel-windows-x86_64 | 0.2.0 | 23.00 | 188.00 | 211.00 | OK | |
| r-patched-linux-x86_64 | 0.2.0 | 18.48 | 162.76 | 181.24 | OK | |
| r-release-linux-x86_64 | 0.2.0 | 17.11 | 162.50 | 179.61 | OK | |
| r-release-macos-arm64 | 0.2.0 | 8.00 | 58.00 | 66.00 | OK | |
| r-release-macos-x86_64 | 0.2.0 | 15.00 | 124.00 | 139.00 | OK | |
| r-release-windows-x86_64 | 0.2.0 | 23.00 | 184.00 | 207.00 | OK | |
| r-oldrel-macos-arm64 | 0.2.0 | 10.00 | 81.00 | 91.00 | OK | |
| r-oldrel-macos-x86_64 | 0.2.0 | 17.00 | 127.00 | 144.00 | NOTE | |
| r-oldrel-windows-x86_64 | 0.2.0 | 30.00 | 239.00 | 269.00 | OK |
Version: 0.2.0
Check: installed package size
Result: NOTE
installed size is 5.6Mb
sub-directories of 1Mb or more:
data 5.1Mb
Flavor: r-oldrel-macos-x86_64