Last updated on 2025-11-16 00:48:35 CET.
| Flavor | Version | Tinstall | Tcheck | Ttotal | Status | Flags |
|---|---|---|---|---|---|---|
| r-devel-linux-x86_64-debian-clang | 1.0.6 | 16.15 | 158.90 | 175.05 | NOTE | |
| r-devel-linux-x86_64-debian-gcc | 1.0.6 | 11.72 | 113.64 | 125.36 | NOTE | |
| r-devel-linux-x86_64-fedora-clang | 1.0.6 | 35.00 | 238.21 | 273.21 | NOTE | |
| r-devel-linux-x86_64-fedora-gcc | 1.0.6 | 59.00 | 270.42 | 329.42 | NOTE | |
| r-devel-windows-x86_64 | 1.0.6 | 21.00 | 182.00 | 203.00 | NOTE | |
| r-patched-linux-x86_64 | 1.0.6 | 15.07 | 155.03 | 170.10 | NOTE | |
| r-release-linux-x86_64 | 1.0.6 | 16.82 | 155.39 | 172.21 | NOTE | |
| r-release-macos-arm64 | 1.0.6 | 9.00 | 110.00 | 119.00 | NOTE | |
| r-release-macos-x86_64 | 1.0.6 | 16.00 | 197.00 | 213.00 | NOTE | |
| r-release-windows-x86_64 | 1.0.6 | 20.00 | 165.00 | 185.00 | NOTE | |
| r-oldrel-macos-arm64 | 1.0.6 | 7.00 | 75.00 | 82.00 | OK | |
| r-oldrel-macos-x86_64 | 1.0.6 | 18.00 | 152.00 | 170.00 | OK | |
| r-oldrel-windows-x86_64 | 1.0.6 | 23.00 | 219.00 | 242.00 | OK |
Version: 1.0.6
Check: DESCRIPTION meta-information
Result: NOTE
Missing dependency on R >= 4.1.0 because package code uses the pipe
|> or function shorthand \(...) syntax added in R 4.1.0.
File(s) using such syntax:
‘helpfunctions_melt.R’
Flavors: r-devel-linux-x86_64-debian-clang, r-devel-linux-x86_64-debian-gcc, r-devel-linux-x86_64-fedora-clang, r-devel-linux-x86_64-fedora-gcc, r-devel-windows-x86_64, r-patched-linux-x86_64, r-release-linux-x86_64, r-release-macos-arm64, r-release-macos-x86_64, r-release-windows-x86_64
Version: 1.0.6
Check: CRAN incoming feasibility
Result: NOTE
Maintainer: ‘Nicole S. Erler <n.erler@erasmusmc.nl>’
The BugReports field in DESCRIPTION has
https://github.com/nerler/JointAI/issues/
which should likely be
https://github.com/nerler/JointAI/issues/issues
instead.
Flavor: r-devel-linux-x86_64-debian-gcc
Version: 1.0.6
Check: HTML version of manual
Result: NOTE
Found the following HTML validation problems:
JointAI.html:3961:1 (model_imp.Rd:623): Warning: <script> anchor "MathJax-script" already defined
Flavors: r-devel-linux-x86_64-debian-gcc, r-devel-linux-x86_64-fedora-gcc