CRAN Package Check Results for Package KMD

Last updated on 2025-07-08 14:49:40 CEST.

Flavor Version Tinstall Tcheck Ttotal Status Flags
r-devel-linux-x86_64-debian-clang 0.1.0 2.84 33.89 36.73 NOTE
r-devel-linux-x86_64-debian-gcc 0.1.0 2.14 25.86 28.00 NOTE
r-devel-linux-x86_64-fedora-clang 0.1.0 55.54 OK
r-devel-linux-x86_64-fedora-gcc 0.1.0 52.64 OK
r-devel-windows-x86_64 0.1.0 3.00 49.00 52.00 OK
r-patched-linux-x86_64 0.1.0 2.62 30.24 32.86 OK
r-release-linux-x86_64 0.1.0 2.62 30.14 32.76 OK
r-release-macos-arm64 0.1.0 22.00 OK
r-release-macos-x86_64 0.1.0 41.00 OK
r-release-windows-x86_64 0.1.0 4.00 52.00 56.00 OK
r-oldrel-macos-arm64 0.1.0 21.00 OK
r-oldrel-macos-x86_64 0.1.0 38.00 OK
r-oldrel-windows-x86_64 0.1.0 5.00 57.00 62.00 OK

Check Details

Version: 0.1.0
Check: CRAN incoming feasibility
Result: NOTE Maintainer: ‘Zhen Huang <zh2395@columbia.edu>’ The Description field contains Sen (2022) <arXiv:2210.00634>. Please refer to arXiv e-prints via their arXiv DOI <doi:10.48550/arXiv.YYMM.NNNNN>. Flavors: r-devel-linux-x86_64-debian-clang, r-devel-linux-x86_64-debian-gcc