CRAN Package Check Results for Package KSA

Last updated on 2025-04-29 13:51:28 CEST.

Flavor Version Tinstall Tcheck Ttotal Status Flags
r-devel-linux-x86_64-debian-clang 0.1.0 1.19 16.81 18.00 NOTE
r-devel-linux-x86_64-debian-gcc 0.1.0 1.31 13.82 15.13 NOTE
r-devel-linux-x86_64-fedora-clang 0.1.0 29.78 OK
r-devel-linux-x86_64-fedora-gcc 0.1.0 26.95 OK
r-devel-windows-x86_64 0.1.0 2.00 38.00 40.00 OK
r-patched-linux-x86_64 0.1.0 1.44 16.47 17.91 OK
r-release-linux-x86_64 0.1.0 1.55 16.19 17.74 OK
r-release-macos-arm64 0.1.0 15.00 OK
r-release-macos-x86_64 0.1.0 26.00 OK
r-release-windows-x86_64 0.1.0 2.00 38.00 40.00 OK
r-oldrel-macos-arm64 0.1.0 14.00 OK
r-oldrel-macos-x86_64 0.1.0 22.00 OK
r-oldrel-windows-x86_64 0.1.0 2.00 38.00 40.00 OK

Check Details

Version: 0.1.0
Check: CRAN incoming feasibility
Result: NOTE Maintainer: ‘Dr. Fayed Alshammri <fayed333@hotmail.com>’ No Authors@R field in DESCRIPTION. Please add one, modifying Authors@R: c(person(given = "Fayed", family = "Alshammri", role = "aut"), person(given = c("Dr.", "Fayed"), family = "Alshammri", role = "cre", email = "fayed333@hotmail.com")) as necessary. Flavors: r-devel-linux-x86_64-debian-clang, r-devel-linux-x86_64-debian-gcc