Last updated on 2025-04-29 13:51:28 CEST.
Flavor | Version | Tinstall | Tcheck | Ttotal | Status | Flags |
---|---|---|---|---|---|---|
r-devel-linux-x86_64-debian-clang | 1.1 | 4.72 | 29.23 | 33.95 | NOTE | |
r-devel-linux-x86_64-debian-gcc | 1.1 | 3.51 | 21.07 | 24.58 | NOTE | |
r-devel-linux-x86_64-fedora-clang | 1.1 | 58.56 | OK | |||
r-devel-linux-x86_64-fedora-gcc | 1.1 | 51.60 | OK | |||
r-devel-windows-x86_64 | 1.1 | 6.00 | 42.00 | 48.00 | OK | |
r-patched-linux-x86_64 | 1.1 | 4.74 | 27.68 | 32.42 | OK | |
r-release-linux-x86_64 | 1.1 | 5.20 | 27.81 | 33.01 | OK | |
r-release-macos-arm64 | 1.1 | 20.00 | OK | |||
r-release-macos-x86_64 | 1.1 | 32.00 | OK | |||
r-release-windows-x86_64 | 1.1 | 5.00 | 43.00 | 48.00 | OK | |
r-oldrel-macos-arm64 | 1.1 | 18.00 | NOTE | |||
r-oldrel-macos-x86_64 | 1.1 | 26.00 | NOTE | |||
r-oldrel-windows-x86_64 | 1.1 | 6.00 | 43.00 | 49.00 | NOTE |
Version: 1.1
Check: CRAN incoming feasibility
Result: NOTE
Maintainer: ‘Miguel Rodriguez-Rosa <miguel_rosa90@usal.es>’
No Authors@R field in DESCRIPTION.
Please add one, modifying
Authors@R: person(given = "Miguel",
family = "Rodriguez-Rosa",
role = c("aut", "cre"),
email = "miguel_rosa90@usal.es")
as necessary.
Flavors: r-devel-linux-x86_64-debian-clang, r-devel-linux-x86_64-debian-gcc
Version: 1.1
Check: LazyData
Result: NOTE
'LazyData' is specified without a 'data' directory
Flavors: r-oldrel-macos-arm64, r-oldrel-macos-x86_64, r-oldrel-windows-x86_64