CRAN Package Check Results for Package KappaGUI

Last updated on 2025-11-16 06:49:40 CET.

Flavor Version Tinstall Tcheck Ttotal Status Flags
r-devel-linux-x86_64-debian-clang 2.0.2 2.75 32.20 34.95 NOTE
r-devel-linux-x86_64-debian-gcc 2.0.2 2.96 25.27 28.23 NOTE
r-devel-linux-x86_64-fedora-clang 2.0.2 12.00 44.65 56.65 OK
r-devel-linux-x86_64-fedora-gcc 2.0.2 11.00 42.28 53.28 OK
r-devel-windows-x86_64 2.0.2 6.00 47.00 53.00 OK
r-patched-linux-x86_64 2.0.2 3.31 30.81 34.12 OK
r-release-linux-x86_64 2.0.2 3.53 30.59 34.12 OK
r-release-macos-arm64 2.0.2 2.00 22.00 24.00 OK
r-release-macos-x86_64 2.0.2 3.00 34.00 37.00 OK
r-release-windows-x86_64 2.0.2 5.00 49.00 54.00 OK
r-oldrel-macos-arm64 2.0.2 1.00 18.00 19.00 OK
r-oldrel-macos-x86_64 2.0.2 3.00 26.00 29.00 OK
r-oldrel-windows-x86_64 2.0.2 7.00 60.00 67.00 OK

Check Details

Version: 2.0.2
Check: CRAN incoming feasibility
Result: NOTE Maintainer: ‘Frédéric Santos <frederic.santos@u-bordeaux.fr>’ No Authors@R field in DESCRIPTION. Please add one, modifying Authors@R: person(given = "Frédéric", family = "Santos", role = c("aut", "cre"), email = "frederic.santos@u-bordeaux.fr") as necessary. Flavors: r-devel-linux-x86_64-debian-clang, r-devel-linux-x86_64-debian-gcc