Last updated on 2025-11-16 12:49:34 CET.
| Flavor | Version | Tinstall | Tcheck | Ttotal | Status | Flags |
|---|---|---|---|---|---|---|
| r-devel-linux-x86_64-debian-clang | 1.2.2 | 1.45 | 18.49 | 19.94 | NOTE | |
| r-devel-linux-x86_64-debian-gcc | 1.2.2 | 1.53 | 15.78 | 17.31 | NOTE | |
| r-devel-linux-x86_64-fedora-clang | 1.2.2 | 30.62 | OK | |||
| r-devel-linux-x86_64-fedora-gcc | 1.2.2 | 28.71 | OK | |||
| r-devel-windows-x86_64 | 1.2.2 | 5.00 | 36.00 | 41.00 | OK | |
| r-patched-linux-x86_64 | 1.2.2 | 1.50 | 17.34 | 18.84 | OK | |
| r-release-linux-x86_64 | 1.2.2 | 1.46 | 17.36 | 18.82 | OK | |
| r-release-macos-arm64 | 1.2.2 | 1.00 | 15.00 | 16.00 | OK | |
| r-release-macos-x86_64 | 1.2.2 | 2.00 | 29.00 | 31.00 | OK | |
| r-release-windows-x86_64 | 1.2.2 | 4.00 | 37.00 | 41.00 | OK | |
| r-oldrel-macos-arm64 | 1.2.2 | 1.00 | 13.00 | 14.00 | OK | |
| r-oldrel-macos-x86_64 | 1.2.2 | 1.00 | 18.00 | 19.00 | OK | |
| r-oldrel-windows-x86_64 | 1.2.2 | 2.00 | 43.00 | 45.00 | OK |
Version: 1.2.2
Check: CRAN incoming feasibility
Result: NOTE
Maintainer: ‘Eric Golinko <egolinko@gmail.com>’
No Authors@R field in DESCRIPTION.
Please add one, modifying
Authors@R: person(given = "Eric",
family = "Golinko",
role = c("aut", "cre"),
email = "egolinko@gmail.com")
as necessary.
Flavors: r-devel-linux-x86_64-debian-clang, r-devel-linux-x86_64-debian-gcc