Last updated on 2025-04-30 13:54:19 CEST.
Flavor | Version | Tinstall | Tcheck | Ttotal | Status | Flags |
---|---|---|---|---|---|---|
r-devel-linux-x86_64-debian-clang | 0.3.0 | 6.62 | 66.61 | 73.23 | NOTE | |
r-devel-linux-x86_64-debian-gcc | 0.3.0 | 7.27 | 47.76 | 55.03 | OK | |
r-devel-linux-x86_64-fedora-clang | 0.3.0 | 126.34 | OK | |||
r-devel-linux-x86_64-fedora-gcc | 0.3.0 | 118.20 | OK | |||
r-devel-windows-x86_64 | 0.3.0 | 11.00 | 83.00 | 94.00 | OK | |
r-patched-linux-x86_64 | 0.3.0 | 7.42 | 63.58 | 71.00 | OK | |
r-release-linux-x86_64 | 0.3.0 | 6.59 | 63.03 | 69.62 | OK | |
r-release-macos-arm64 | 0.3.0 | 37.00 | OK | |||
r-release-macos-x86_64 | 0.3.0 | 70.00 | OK | |||
r-release-windows-x86_64 | 0.3.0 | 10.00 | 88.00 | 98.00 | OK | |
r-oldrel-macos-arm64 | 0.3.0 | 41.00 | OK | |||
r-oldrel-macos-x86_64 | 0.3.0 | 83.00 | OK | |||
r-oldrel-windows-x86_64 | 0.3.0 | 13.00 | 103.00 | 116.00 | OK |
Version: 0.3.0
Check: examples
Result: NOTE
Examples with CPU (user + system) or elapsed time > 5s
user system elapsed
SOPC_LFM 4.683 0.043 6.332
Flavor: r-devel-linux-x86_64-debian-clang