Last updated on 2024-06-27 16:49:07 CEST.
Flavor | Version | Tinstall | Tcheck | Ttotal | Status | Flags |
---|---|---|---|---|---|---|
r-devel-linux-x86_64-debian-clang | 1.0 | NOTE | ||||
r-devel-linux-x86_64-debian-gcc | 1.0 | 34.84 | 97.48 | 132.32 | NOTE | |
r-devel-linux-x86_64-fedora-clang | 1.0 | 236.23 | NOTE | |||
r-devel-linux-x86_64-fedora-gcc | 1.0 | 220.51 | NOTE | |||
r-devel-windows-x86_64 | 1.0 | 39.00 | 123.00 | 162.00 | NOTE | |
r-patched-linux-x86_64 | 1.0 | 30.51 | 124.35 | 154.86 | NOTE | |
r-release-linux-x86_64 | 1.0 | 29.87 | 126.77 | 156.64 | NOTE | |
r-release-macos-arm64 | 1.0 | 56.00 | NOTE | |||
r-release-macos-x86_64 | 1.0 | 81.00 | NOTE | |||
r-release-windows-x86_64 | 1.0 | 37.00 | 124.00 | 161.00 | NOTE | |
r-oldrel-macos-arm64 | 1.0 | 68.00 | NOTE | |||
r-oldrel-macos-x86_64 | 1.0 | 110.00 | NOTE | |||
r-oldrel-windows-x86_64 | 1.0 | 50.00 | 149.00 | 199.00 | NOTE |
Version: 1.0
Check: C++ specification
Result: NOTE
Specified C++11: please drop specification unless essential
Flavors: r-devel-linux-x86_64-debian-clang, r-devel-linux-x86_64-debian-gcc, r-devel-linux-x86_64-fedora-clang, r-devel-linux-x86_64-fedora-gcc, r-devel-windows-x86_64, r-patched-linux-x86_64, r-release-linux-x86_64, r-release-macos-arm64, r-release-macos-x86_64, r-release-windows-x86_64, r-oldrel-macos-arm64, r-oldrel-macos-x86_64, r-oldrel-windows-x86_64
Version: 1.0
Check: LazyData
Result: NOTE
'LazyData' is specified without a 'data' directory
Flavors: r-devel-linux-x86_64-debian-clang, r-devel-linux-x86_64-debian-gcc, r-devel-linux-x86_64-fedora-clang, r-devel-linux-x86_64-fedora-gcc, r-devel-windows-x86_64, r-patched-linux-x86_64, r-release-linux-x86_64, r-release-macos-arm64, r-release-macos-x86_64, r-release-windows-x86_64, r-oldrel-macos-arm64, r-oldrel-macos-x86_64, r-oldrel-windows-x86_64