Last updated on 2025-04-29 13:51:28 CEST.
Flavor | Version | Tinstall | Tcheck | Ttotal | Status | Flags |
---|---|---|---|---|---|---|
r-devel-linux-x86_64-debian-clang | 0.1.8 | 1.71 | 18.96 | 20.67 | NOTE | |
r-devel-linux-x86_64-debian-gcc | 0.1.8 | 1.52 | 15.52 | 17.04 | NOTE | |
r-devel-linux-x86_64-fedora-clang | 0.1.8 | 31.87 | OK | |||
r-devel-linux-x86_64-fedora-gcc | 0.1.8 | 30.60 | OK | |||
r-devel-windows-x86_64 | 0.1.8 | 2.00 | 41.00 | 43.00 | OK | |
r-patched-linux-x86_64 | 0.1.8 | 1.80 | 18.26 | 20.06 | OK | |
r-release-linux-x86_64 | 0.1.8 | 1.90 | 18.12 | 20.02 | OK | |
r-release-macos-arm64 | 0.1.8 | 16.00 | OK | |||
r-release-macos-x86_64 | 0.1.8 | 30.00 | OK | |||
r-release-windows-x86_64 | 0.1.8 | 2.00 | 42.00 | 44.00 | OK | |
r-oldrel-macos-arm64 | 0.1.8 | 15.00 | OK | |||
r-oldrel-macos-x86_64 | 0.1.8 | 21.00 | OK | |||
r-oldrel-windows-x86_64 | 0.1.8 | 2.00 | 40.00 | 42.00 | OK |
Version: 0.1.8
Check: CRAN incoming feasibility
Result: NOTE
Maintainer: ‘Masatoshi Katabuchi <mattocci27@gmail.com>’
No Authors@R field in DESCRIPTION.
Please add one, modifying
Authors@R: person(given = "Masatoshi",
family = "Katabuchi",
role = c("aut", "cre"),
email = "mattocci27@gmail.com")
as necessary.
Package CITATION file contains call(s) to old-style citEntry(). Please
use bibentry() instead.
Flavors: r-devel-linux-x86_64-debian-clang, r-devel-linux-x86_64-debian-gcc