Last updated on 2024-06-27 16:49:08 CEST.
Flavor | Version | Tinstall | Tcheck | Ttotal | Status | Flags |
---|---|---|---|---|---|---|
r-devel-linux-x86_64-debian-clang | 1.2.2 | OK | ||||
r-devel-linux-x86_64-debian-gcc | 1.2.2 | 7.86 | 76.83 | 84.69 | OK | |
r-devel-linux-x86_64-fedora-clang | 1.2.2 | 147.16 | NOTE | |||
r-devel-linux-x86_64-fedora-gcc | 1.2.2 | 136.93 | NOTE | |||
r-devel-windows-x86_64 | 1.2.2 | 11.00 | 90.00 | 101.00 | OK | |
r-patched-linux-x86_64 | 1.2.2 | 11.28 | 100.39 | 111.67 | OK | |
r-release-linux-x86_64 | 1.2.2 | 7.72 | 101.98 | 109.70 | OK | |
r-release-macos-arm64 | 1.2.2 | 41.00 | OK | |||
r-release-macos-x86_64 | 1.2.2 | 67.00 | OK | |||
r-release-windows-x86_64 | 1.2.2 | 12.00 | 95.00 | 107.00 | OK | |
r-oldrel-macos-arm64 | 1.2.2 | 44.00 | OK | |||
r-oldrel-macos-x86_64 | 1.2.2 | 58.00 | OK | |||
r-oldrel-windows-x86_64 | 1.2.2 | 16.00 | 111.00 | 127.00 | OK |
Version: 1.2.2
Check: dependencies in R code
Result: NOTE
Namespaces in Imports field not imported from:
‘SnowballC’ ‘data.table’ ‘e1071’ ‘fastmatch’
All declared Imports should be used.
Flavors: r-devel-linux-x86_64-fedora-clang, r-devel-linux-x86_64-fedora-gcc