Last updated on 2025-04-29 13:51:29 CEST.
Flavor | Version | Tinstall | Tcheck | Ttotal | Status | Flags |
---|---|---|---|---|---|---|
r-devel-linux-x86_64-debian-clang | 1.0.1 | 1.49 | 19.13 | 20.62 | NOTE | |
r-devel-linux-x86_64-debian-gcc | 1.0.1 | 1.41 | 15.67 | 17.08 | NOTE | |
r-devel-linux-x86_64-fedora-clang | 1.0.1 | 32.51 | OK | |||
r-devel-linux-x86_64-fedora-gcc | 1.0.1 | 32.32 | OK | |||
r-devel-windows-x86_64 | 1.0.1 | 3.00 | 44.00 | 47.00 | OK | |
r-patched-linux-x86_64 | 1.0.1 | 1.56 | 18.53 | 20.09 | OK | |
r-release-linux-x86_64 | 1.0.1 | 1.63 | 18.43 | 20.06 | OK | |
r-release-macos-arm64 | 1.0.1 | 14.00 | OK | |||
r-release-macos-x86_64 | 1.0.1 | 25.00 | OK | |||
r-release-windows-x86_64 | 1.0.1 | 3.00 | 42.00 | 45.00 | OK | |
r-oldrel-macos-arm64 | 1.0.1 | 15.00 | OK | |||
r-oldrel-macos-x86_64 | 1.0.1 | 22.00 | OK | |||
r-oldrel-windows-x86_64 | 1.0.1 | 4.00 | 43.00 | 47.00 | OK |
Version: 1.0.1
Check: CRAN incoming feasibility
Result: NOTE
Maintainer: ‘Derick L. Rivers <riversdl@alumni.vcu.edu>’
No Authors@R field in DESCRIPTION.
Please add one, modifying
Authors@R: c(person(given = c("Derick", "L."),
family = "Rivers",
role = c("aut", "cre"),
email = "riversdl@alumni.vcu.edu"),
person(given = c("Edward", "L."),
family = "Boone",
role = "aut"))
as necessary.
Flavors: r-devel-linux-x86_64-debian-clang, r-devel-linux-x86_64-debian-gcc