Last updated on 2025-04-30 19:50:06 CEST.
Flavor | Version | Tinstall | Tcheck | Ttotal | Status | Flags |
---|---|---|---|---|---|---|
r-devel-linux-x86_64-debian-clang | 0.9 | 3.97 | 34.10 | 38.07 | NOTE | |
r-devel-linux-x86_64-debian-gcc | 0.9 | 3.38 | 26.60 | 29.98 | NOTE | |
r-devel-linux-x86_64-fedora-clang | 0.9 | 58.71 | OK | |||
r-devel-linux-x86_64-fedora-gcc | 0.9 | 58.44 | OK | |||
r-devel-windows-x86_64 | 0.9 | 6.00 | 53.00 | 59.00 | OK | |
r-patched-linux-x86_64 | 0.9 | 4.08 | 32.67 | 36.75 | OK | |
r-release-linux-x86_64 | 0.9 | 3.59 | 32.75 | 36.34 | OK | |
r-release-macos-arm64 | 0.9 | 25.00 | OK | |||
r-release-macos-x86_64 | 0.9 | 44.00 | OK | |||
r-release-windows-x86_64 | 0.9 | 6.00 | 55.00 | 61.00 | OK | |
r-oldrel-macos-arm64 | 0.9 | 22.00 | OK | |||
r-oldrel-macos-x86_64 | 0.9 | 30.00 | OK | |||
r-oldrel-windows-x86_64 | 0.9 | 7.00 | 59.00 | 66.00 | OK |
Version: 0.9
Check: CRAN incoming feasibility
Result: NOTE
Maintainer: ‘Charles Bouveyron <charles.bouveyron@gmail.com>’
No Authors@R field in DESCRIPTION.
Please add one, modifying
Authors@R: c(person(given = "Charles",
family = "Bouveyron",
role = c("aut", "cre"),
email = "charles.bouveyron@gmail.com"),
person(given = "Pierre",
family = "Latouche",
role = "aut"),
person(given = "Stéphane",
family = "Petiot",
role = "aut"),
person(given = "Carlos",
family = "Ocanto",
role = "aut"))
as necessary.
Flavors: r-devel-linux-x86_64-debian-clang, r-devel-linux-x86_64-debian-gcc