Last updated on 2024-06-27 16:49:08 CEST.
Flavor | Version | Tinstall | Tcheck | Ttotal | Status | Flags |
---|---|---|---|---|---|---|
r-devel-linux-x86_64-debian-clang | 0.0.1 | OK | ||||
r-devel-linux-x86_64-debian-gcc | 0.0.1 | 123.46 | 58.18 | 181.64 | OK | |
r-devel-linux-x86_64-fedora-clang | 0.0.1 | 288.18 | OK | |||
r-devel-linux-x86_64-fedora-gcc | 0.0.1 | 397.52 | OK | |||
r-devel-windows-x86_64 | 0.0.1 | 104.00 | 102.00 | 206.00 | NOTE | |
r-patched-linux-x86_64 | 0.0.1 | 136.29 | 78.06 | 214.35 | OK | |
r-release-linux-x86_64 | 0.0.1 | 151.03 | 78.46 | 229.49 | OK | |
r-release-macos-arm64 | 0.0.1 | 98.00 | NOTE | |||
r-release-macos-x86_64 | 0.0.1 | 152.00 | NOTE | |||
r-release-windows-x86_64 | 0.0.1 | 107.00 | 106.00 | 213.00 | NOTE | |
r-oldrel-macos-arm64 | 0.0.1 | 107.00 | NOTE | |||
r-oldrel-macos-x86_64 | 0.0.1 | 277.00 | NOTE | |||
r-oldrel-windows-x86_64 | 0.0.1 | 133.00 | 131.00 | 264.00 | NOTE |
Version: 0.0.1
Check: installed package size
Result: NOTE
installed size is 13.7Mb
sub-directories of 1Mb or more:
libs 13.3Mb
Flavors: r-devel-windows-x86_64, r-release-macos-arm64, r-release-macos-x86_64, r-release-windows-x86_64, r-oldrel-macos-arm64, r-oldrel-macos-x86_64, r-oldrel-windows-x86_64