Last updated on 2025-04-29 13:51:29 CEST.
Flavor | Version | Tinstall | Tcheck | Ttotal | Status | Flags |
---|---|---|---|---|---|---|
r-devel-linux-x86_64-debian-clang | 0.1.0 | 1.45 | 25.29 | 26.74 | NOTE | |
r-devel-linux-x86_64-debian-gcc | 0.1.0 | 1.28 | 19.58 | 20.86 | NOTE | |
r-devel-linux-x86_64-fedora-clang | 0.1.0 | 41.97 | NOTE | |||
r-devel-linux-x86_64-fedora-gcc | 0.1.0 | 40.61 | NOTE | |||
r-devel-windows-x86_64 | 0.1.0 | 3.00 | 49.00 | 52.00 | OK | |
r-patched-linux-x86_64 | 0.1.0 | 1.60 | 23.89 | 25.49 | OK | |
r-release-linux-x86_64 | 0.1.0 | 1.30 | 23.57 | 24.87 | OK | |
r-release-macos-arm64 | 0.1.0 | 18.00 | OK | |||
r-release-macos-x86_64 | 0.1.0 | 30.00 | OK | |||
r-release-windows-x86_64 | 0.1.0 | 3.00 | 50.00 | 53.00 | OK | |
r-oldrel-macos-arm64 | 0.1.0 | 17.00 | OK | |||
r-oldrel-macos-x86_64 | 0.1.0 | 31.00 | OK | |||
r-oldrel-windows-x86_64 | 0.1.0 | 2.00 | 55.00 | 57.00 | OK |
Version: 0.1.0
Check: CRAN incoming feasibility
Result: NOTE
Maintainer: ‘Rong Li <rong_li@ruc.edu.cn>’
No Authors@R field in DESCRIPTION.
Please add one, modifying
Authors@R: c(person(given = "Mingcong",
family = "Wu",
role = "aut"),
person(given = "Yang",
family = "Li",
role = "aut"),
person(given = "Rong",
family = "Li",
role = c("aut", "cre"),
email = "rong_li@ruc.edu.cn"))
as necessary.
Flavors: r-devel-linux-x86_64-debian-clang, r-devel-linux-x86_64-debian-gcc
Version: 0.1.0
Check: dependencies in R code
Result: NOTE
Namespace in Imports field not imported from: ‘base’
All declared Imports should be used.
Flavors: r-devel-linux-x86_64-fedora-clang, r-devel-linux-x86_64-fedora-gcc