CRAN Package Check Results for Package MALDIquantForeign

Last updated on 2025-11-16 00:48:36 CET.

Flavor Version Tinstall Tcheck Ttotal Status Flags
r-devel-linux-x86_64-debian-clang 0.14.1 4.90 54.71 59.61 OK
r-devel-linux-x86_64-debian-gcc 0.14.1 3.21 43.05 46.26 NOTE
r-devel-linux-x86_64-fedora-clang 0.14.1 23.00 69.14 92.14 OK
r-devel-linux-x86_64-fedora-gcc 0.14.1 25.00 83.72 108.72 OK
r-devel-windows-x86_64 0.14.1 10.00 96.00 106.00 OK
r-patched-linux-x86_64 0.14.1 5.41 53.07 58.48 OK
r-release-linux-x86_64 0.14.1 4.40 52.88 57.28 OK
r-release-macos-arm64 0.14.1 3.00 64.00 67.00 OK
r-release-macos-x86_64 0.14.1 5.00 63.00 68.00 OK
r-release-windows-x86_64 0.14.1 7.00 84.00 91.00 OK
r-oldrel-macos-arm64 0.14.1 3.00 32.00 35.00 OK
r-oldrel-macos-x86_64 0.14.1 5.00 96.00 101.00 OK
r-oldrel-windows-x86_64 0.14.1 9.00 95.00 104.00 OK

Check Details

Version: 0.14.1
Check: CRAN incoming feasibility
Result: NOTE Maintainer: ‘Sebastian Gibb <mail@sebastiangibb.de>’ The BugReports field in DESCRIPTION has https://github.com/sgibb/MALDIquantForeign/issues/ which should likely be https://github.com/sgibb/MALDIquantForeign/issues/issues instead. Flavor: r-devel-linux-x86_64-debian-gcc