CRAN Package Check Results for Package MCAvariants

Last updated on 2025-11-16 06:49:42 CET.

Flavor Version Tinstall Tcheck Ttotal Status Flags
r-devel-linux-x86_64-debian-clang 2.6.1 8.61 70.56 79.17 NOTE
r-devel-linux-x86_64-debian-gcc 2.6.1 5.27 49.71 54.98 NOTE
r-devel-linux-x86_64-fedora-clang 2.6.1 49.00 78.54 127.54 NOTE
r-devel-linux-x86_64-fedora-gcc 2.6.1 32.00 89.76 121.76 NOTE
r-devel-windows-x86_64 2.6.1 15.00 77.00 92.00 NOTE
r-patched-linux-x86_64 2.6.1 7.18 65.93 73.11 NOTE
r-release-linux-x86_64 2.6.1 7.14 65.68 72.82 NOTE
r-release-macos-arm64 2.6.1 3.00 25.00 28.00 NOTE
r-release-macos-x86_64 2.6.1 6.00 50.00 56.00 NOTE
r-release-windows-x86_64 2.6.1 11.00 77.00 88.00 NOTE
r-oldrel-macos-arm64 2.6.1 3.00 26.00 29.00 NOTE
r-oldrel-macos-x86_64 2.6.1 5.00 41.00 46.00 NOTE
r-oldrel-windows-x86_64 2.6.1 13.00 97.00 110.00 NOTE

Check Details

Version: 2.6.1
Check: CRAN incoming feasibility
Result: NOTE Maintainer: ‘Rosaria Lombardo <rosaria.lombardo@unicampania.it>’ No Authors@R field in DESCRIPTION. Please add one, modifying Authors@R: c(person(given = "Rosaria", family = "Lombardo", role = c("aut", "cre"), email = "rosaria.lombardo@unicampania.it"), person(given = c("Eric", "J"), family = "Beh", role = "aut")) as necessary. Flavors: r-devel-linux-x86_64-debian-clang, r-devel-linux-x86_64-debian-gcc

Version: 2.6.1
Check: Rd files
Result: NOTE checkRd: (-1) satisfaction.Rd:28: Lost braces 28 | Della Valle E (2010) Della Valle E 2010 Analisi Multidimensionale dei Dati: la Qualit\'{a} del Lavoro nelle Cooperative Sociali. | ^ checkRd: (-1) satisfaction.Rd:29: Lost braces 29 | Unpublished thesis, Seconda Universit\'{a} degli Studi di Napoli, Capua Italy. | ^ Flavors: r-devel-linux-x86_64-debian-clang, r-devel-linux-x86_64-debian-gcc, r-devel-linux-x86_64-fedora-clang, r-devel-linux-x86_64-fedora-gcc, r-devel-windows-x86_64, r-patched-linux-x86_64, r-release-linux-x86_64, r-release-macos-arm64, r-release-macos-x86_64, r-release-windows-x86_64, r-oldrel-macos-arm64, r-oldrel-macos-x86_64, r-oldrel-windows-x86_64