CRAN Package Check Results for Package MCOE

Last updated on 2025-07-19 08:48:40 CEST.

Flavor Version Tinstall Tcheck Ttotal Status Flags
r-devel-linux-x86_64-debian-clang 0.4.0 5.24 44.27 49.51 NOTE
r-devel-linux-x86_64-debian-gcc 0.4.0 4.24 31.46 35.70 NOTE
r-devel-linux-x86_64-fedora-clang 0.4.0 81.20 NOTE
r-devel-linux-x86_64-fedora-gcc 0.4.0 70.66 NOTE
r-devel-windows-x86_64 0.4.0 7.00 61.00 68.00 NOTE
r-patched-linux-x86_64 0.4.0 6.11 39.89 46.00 NOTE
r-release-linux-x86_64 0.4.0 5.14 39.82 44.96 NOTE
r-release-macos-arm64 0.4.0 42.00 NOTE
r-release-macos-x86_64 0.4.0 44.00 NOTE
r-release-windows-x86_64 0.4.0 8.00 57.00 65.00 NOTE
r-oldrel-macos-arm64 0.4.0 25.00 OK
r-oldrel-macos-x86_64 0.4.0 37.00 OK
r-oldrel-windows-x86_64 0.4.0 10.00 70.00 80.00 OK

Check Details

Version: 0.4.0
Check: DESCRIPTION meta-information
Result: NOTE Missing dependency on R >= 4.1.0 because package code uses the pipe |> or function shorthand \(...) syntax added in R 4.1.0. File(s) using such syntax: ‘left_join_codebook.Rd’ ‘setup_dir.R’ Flavors: r-devel-linux-x86_64-debian-clang, r-devel-linux-x86_64-debian-gcc, r-devel-linux-x86_64-fedora-clang, r-devel-linux-x86_64-fedora-gcc, r-devel-windows-x86_64, r-patched-linux-x86_64, r-release-linux-x86_64, r-release-macos-arm64, r-release-macos-x86_64, r-release-windows-x86_64