Last updated on 2024-06-27 16:49:09 CEST.
Flavor | Version | Tinstall | Tcheck | Ttotal | Status | Flags |
---|---|---|---|---|---|---|
r-devel-linux-x86_64-debian-clang | 0.8.0 | NOTE | ||||
r-devel-linux-x86_64-debian-gcc | 0.8.0 | 1.65 | 16.59 | 18.24 | NOTE | |
r-devel-linux-x86_64-fedora-clang | 0.8.0 | 29.69 | NOTE | |||
r-devel-linux-x86_64-fedora-gcc | 0.8.0 | 28.05 | NOTE | |||
r-devel-windows-x86_64 | 0.8.0 | 4.00 | 36.00 | 40.00 | NOTE | |
r-patched-linux-x86_64 | 0.8.0 | 1.89 | 20.87 | 22.76 | NOTE | |
r-release-linux-x86_64 | 0.8.0 | 1.88 | 20.62 | 22.50 | NOTE | |
r-release-macos-arm64 | 0.8.0 | 14.00 | NOTE | |||
r-release-macos-x86_64 | 0.8.0 | 19.00 | NOTE | |||
r-release-windows-x86_64 | 0.8.0 | 3.00 | 36.00 | 39.00 | NOTE | |
r-oldrel-macos-arm64 | 0.8.0 | 15.00 | OK | |||
r-oldrel-macos-x86_64 | 0.8.0 | 19.00 | OK | |||
r-oldrel-windows-x86_64 | 0.8.0 | 3.00 | 36.00 | 39.00 | OK |
Version: 0.8.0
Check: Rd files
Result: NOTE
checkRd: (-1) normalizeWithMA.Rd:19: Lost braces
19 | \item{expGroup}{ a \code{vector} of experimental grouping variable such as plate. The length of code{expGroup} must be same as the number of rows of \code{mD}.}
| ^
Flavors: r-devel-linux-x86_64-debian-clang, r-devel-linux-x86_64-debian-gcc, r-devel-linux-x86_64-fedora-clang, r-devel-linux-x86_64-fedora-gcc, r-devel-windows-x86_64, r-patched-linux-x86_64, r-release-linux-x86_64, r-release-macos-arm64, r-release-macos-x86_64, r-release-windows-x86_64