CRAN Package Check Results for Package MDimNormn

Last updated on 2025-04-29 13:51:30 CEST.

Flavor Version Tinstall Tcheck Ttotal Status Flags
r-devel-linux-x86_64-debian-clang 0.8.0 1.66 17.50 19.16 NOTE
r-devel-linux-x86_64-debian-gcc 0.8.0 1.25 14.21 15.46 NOTE
r-devel-linux-x86_64-fedora-clang 0.8.0 29.64 NOTE
r-devel-linux-x86_64-fedora-gcc 0.8.0 28.09 NOTE
r-devel-windows-x86_64 0.8.0 3.00 37.00 40.00 NOTE
r-patched-linux-x86_64 0.8.0 1.75 16.62 18.37 NOTE
r-release-linux-x86_64 0.8.0 1.56 16.62 18.18 NOTE
r-release-macos-arm64 0.8.0 15.00 NOTE
r-release-macos-x86_64 0.8.0 22.00 NOTE
r-release-windows-x86_64 0.8.0 2.00 38.00 40.00 NOTE
r-oldrel-macos-arm64 0.8.0 14.00 NOTE
r-oldrel-macos-x86_64 0.8.0 19.00 NOTE
r-oldrel-windows-x86_64 0.8.0 3.00 36.00 39.00 NOTE

Check Details

Version: 0.8.0
Check: CRAN incoming feasibility
Result: NOTE Maintainer: ‘Mun-Gwan Hong <mun-gwan.hong@scilifelab.se>’ No Authors@R field in DESCRIPTION. Please add one, modifying Authors@R: person(given = "Mun-Gwan", family = "Hong", role = c("aut", "cre"), email = "mun-gwan.hong@scilifelab.se") as necessary. Package CITATION file contains call(s) to old-style personList() or as.personList(). Please use c() on person objects instead. Package CITATION file contains call(s) to old-style citEntry(). Please use bibentry() instead. Flavors: r-devel-linux-x86_64-debian-clang, r-devel-linux-x86_64-debian-gcc

Version: 0.8.0
Check: Rd files
Result: NOTE checkRd: (-1) normalizeWithMA.Rd:19: Lost braces 19 | \item{expGroup}{ a \code{vector} of experimental grouping variable such as plate. The length of code{expGroup} must be same as the number of rows of \code{mD}.} | ^ Flavors: r-devel-linux-x86_64-debian-clang, r-devel-linux-x86_64-debian-gcc, r-devel-linux-x86_64-fedora-clang, r-devel-linux-x86_64-fedora-gcc, r-devel-windows-x86_64, r-patched-linux-x86_64, r-release-linux-x86_64, r-release-macos-arm64, r-release-macos-x86_64, r-release-windows-x86_64, r-oldrel-macos-arm64, r-oldrel-macos-x86_64, r-oldrel-windows-x86_64