Last updated on 2024-07-13 11:49:18 CEST.
Flavor | Version | Tinstall | Tcheck | Ttotal | Status | Flags |
---|---|---|---|---|---|---|
r-devel-linux-x86_64-debian-clang | 0.1.0 | 2.09 | 24.70 | 26.79 | NOTE | |
r-devel-linux-x86_64-debian-gcc | 0.1.0 | 2.03 | 19.40 | 21.43 | NOTE | |
r-devel-linux-x86_64-fedora-clang | 0.1.0 | 35.16 | NOTE | |||
r-devel-linux-x86_64-fedora-gcc | 0.1.0 | 32.92 | NOTE | |||
r-devel-windows-x86_64 | 0.1.0 | 3.00 | 43.00 | 46.00 | NOTE | |
r-patched-linux-x86_64 | 0.1.0 | 2.65 | 24.36 | 27.01 | NOTE | |
r-release-linux-x86_64 | 0.1.0 | 1.90 | 24.41 | 26.31 | NOTE | |
r-release-macos-arm64 | 0.1.0 | 14.00 | NOTE | |||
r-release-macos-x86_64 | 0.1.0 | 21.00 | NOTE | |||
r-release-windows-x86_64 | 0.1.0 | 3.00 | 43.00 | 46.00 | NOTE | |
r-oldrel-macos-arm64 | 0.1.0 | 16.00 | OK | |||
r-oldrel-macos-x86_64 | 0.1.0 | 21.00 | OK | |||
r-oldrel-windows-x86_64 | 0.1.0 | 6.00 | 42.00 | 48.00 | OK |
Version: 0.1.0
Check: Rd files
Result: NOTE
checkRd: (-1) MED.Rd:25: Lost braces
25 | The vector of treatment assignments of length \eqn{n}. Must be coded as \eqn{\{0,1} {{0,1}}.
| ^
Flavors: r-devel-linux-x86_64-debian-clang, r-devel-linux-x86_64-debian-gcc, r-devel-linux-x86_64-fedora-clang, r-devel-linux-x86_64-fedora-gcc, r-devel-windows-x86_64, r-patched-linux-x86_64, r-release-linux-x86_64, r-release-macos-arm64, r-release-macos-x86_64, r-release-windows-x86_64