Last updated on 2025-04-29 13:51:30 CEST.
Flavor | Version | Tinstall | Tcheck | Ttotal | Status | Flags |
---|---|---|---|---|---|---|
r-devel-linux-x86_64-debian-clang | 2.0 | 4.43 | 47.24 | 51.67 | NOTE | |
r-devel-linux-x86_64-debian-gcc | 2.0 | 3.50 | 30.61 | 34.11 | NOTE | |
r-devel-linux-x86_64-fedora-clang | 2.0 | 81.46 | OK | |||
r-devel-linux-x86_64-fedora-gcc | 2.0 | 82.05 | OK | |||
r-devel-windows-x86_64 | 2.0 | 5.00 | 65.00 | 70.00 | OK | |
r-patched-linux-x86_64 | 2.0 | 5.16 | 43.39 | 48.55 | OK | |
r-release-linux-x86_64 | 2.0 | 5.13 | 43.63 | 48.76 | OK | |
r-release-macos-arm64 | 2.0 | 26.00 | OK | |||
r-release-macos-x86_64 | 2.0 | 46.00 | OK | |||
r-release-windows-x86_64 | 2.0 | 5.00 | 65.00 | 70.00 | OK | |
r-oldrel-macos-arm64 | 2.0 | 23.00 | OK | |||
r-oldrel-macos-x86_64 | 2.0 | 37.00 | OK | |||
r-oldrel-windows-x86_64 | 2.0 | 5.00 | 65.00 | 70.00 | OK |
Version: 2.0
Check: CRAN incoming feasibility
Result: NOTE
Maintainer: ‘Michael Messer <messer@math.uni-frankfurt.de>’
No Authors@R field in DESCRIPTION.
Please add one, modifying
Authors@R: c(person(given = "Michael",
family = "Messer",
role = c("aut", "cre"),
email = "messer@math.uni-frankfurt.de"),
person(given = "Stefan",
family = "Albert",
role = "aut"),
person(given = "Solveig",
family = "Plomer",
role = "aut"),
person(given = "Gaby",
family = "Schneider",
role = "aut"))
as necessary.
Flavors: r-devel-linux-x86_64-debian-clang, r-devel-linux-x86_64-debian-gcc
Version: 2.0
Check: examples
Result: NOTE
Examples with CPU (user + system) or elapsed time > 5s
user system elapsed
MFT.peaks 7.643 0.016 8.817
Flavor: r-devel-linux-x86_64-debian-clang
Version: 2.0
Check: examples
Result: NOTE
Examples with CPU (user + system) or elapsed time > 5s
user system elapsed
MFT.peaks 3.902 0 5.544
Flavor: r-devel-linux-x86_64-debian-gcc