Last updated on 2025-11-16 06:49:43 CET.
| Flavor | Version | Tinstall | Tcheck | Ttotal | Status | Flags |
|---|---|---|---|---|---|---|
| r-devel-linux-x86_64-debian-clang | 0.11.2 | 3.14 | 78.21 | 81.35 | NOTE | |
| r-devel-linux-x86_64-debian-gcc | 0.11.2 | 3.00 | 68.42 | 71.42 | NOTE | |
| r-devel-linux-x86_64-fedora-clang | 0.11.2 | 41.00 | 87.11 | 128.11 | OK | |
| r-devel-linux-x86_64-fedora-gcc | 0.11.2 | 113.23 | OK | |||
| r-devel-windows-x86_64 | 0.11.2 | 11.00 | 100.00 | 111.00 | OK | |
| r-patched-linux-x86_64 | 0.11.2 | 5.23 | 74.81 | 80.04 | OK | |
| r-release-linux-x86_64 | 0.11.2 | 3.80 | 75.33 | 79.13 | OK | |
| r-release-macos-arm64 | 0.11.2 | 2.00 | 35.00 | 37.00 | OK | |
| r-release-macos-x86_64 | 0.11.2 | 4.00 | 68.00 | 72.00 | OK | |
| r-release-windows-x86_64 | 0.11.2 | 8.00 | 96.00 | 104.00 | OK | |
| r-oldrel-macos-arm64 | 0.11.2 | 2.00 | 35.00 | 37.00 | OK | |
| r-oldrel-macos-x86_64 | 0.11.2 | 3.00 | 47.00 | 50.00 | OK | |
| r-oldrel-windows-x86_64 | 0.11.2 | 8.00 | 125.00 | 133.00 | OK |
Version: 0.11.2
Check: CRAN incoming feasibility
Result: NOTE
Maintainer: ‘Qu Tang <tang.q@northeastern.edu>’
Package CITATION file contains call(s) to old-style personList() or
as.personList(). Please use c() on person objects instead.
Package CITATION file contains call(s) to old-style citEntry(). Please
use bibentry() instead.
Flavor: r-devel-linux-x86_64-debian-clang
Version: 0.11.2
Check: CRAN incoming feasibility
Result: NOTE
Maintainer: ‘Qu Tang <tang.q@northeastern.edu>’
Package CITATION file contains call(s) to old-style personList() or
as.personList(). Please use c() on person objects instead.
Package CITATION file contains call(s) to old-style citEntry(). Please
use bibentry() instead.
The BugReports field in DESCRIPTION has
https://github.com/mhealthgroup/MIMSunit/issues/
which should likely be
https://github.com/mhealthgroup/MIMSunit/issues/issues
instead.
Flavor: r-devel-linux-x86_64-debian-gcc