Last updated on 2025-04-29 13:51:30 CEST.
Flavor | Version | Tinstall | Tcheck | Ttotal | Status | Flags |
---|---|---|---|---|---|---|
r-devel-linux-x86_64-debian-clang | 1.0.1 | 1.37 | 22.70 | 24.07 | NOTE | |
r-devel-linux-x86_64-debian-gcc | 1.0.1 | 1.36 | 18.41 | 19.77 | NOTE | |
r-devel-linux-x86_64-fedora-clang | 1.0.1 | 37.04 | OK | |||
r-devel-linux-x86_64-fedora-gcc | 1.0.1 | 35.69 | OK | |||
r-devel-windows-x86_64 | 1.0.1 | 4.00 | 49.00 | 53.00 | OK | |
r-patched-linux-x86_64 | 1.0.1 | 1.64 | 21.55 | 23.19 | OK | |
r-release-linux-x86_64 | 1.0.1 | 1.64 | 21.58 | 23.22 | OK | |
r-release-macos-arm64 | 1.0.1 | 18.00 | OK | |||
r-release-macos-x86_64 | 1.0.1 | 40.00 | OK | |||
r-release-windows-x86_64 | 1.0.1 | 2.00 | 50.00 | 52.00 | OK | |
r-oldrel-macos-arm64 | 1.0.1 | 18.00 | OK | |||
r-oldrel-macos-x86_64 | 1.0.1 | 23.00 | OK | |||
r-oldrel-windows-x86_64 | 1.0.1 | 3.00 | 50.00 | 53.00 | OK |
Version: 1.0.1
Check: CRAN incoming feasibility
Result: NOTE
Maintainer: ‘Thomas Jaki <thomas.jaki@protonmail.com>’
No Authors@R field in DESCRIPTION.
Please add one, modifying
Authors@R: person(given = "Thomas",
family = "Jaki",
role = c("aut", "cre"),
email = "thomas.jaki@protonmail.com")
as necessary.
Flavors: r-devel-linux-x86_64-debian-clang, r-devel-linux-x86_64-debian-gcc