Last updated on 2025-11-16 06:49:43 CET.
| Flavor | Version | Tinstall | Tcheck | Ttotal | Status | Flags |
|---|---|---|---|---|---|---|
| r-devel-linux-x86_64-debian-clang | 1.1.0 | 20.91 | 31.19 | 52.10 | NOTE | |
| r-devel-linux-x86_64-debian-gcc | 1.1.0 | 11.83 | 24.69 | 36.52 | NOTE | |
| r-devel-linux-x86_64-fedora-clang | 1.1.0 | 67.00 | 28.85 | 95.85 | OK | |
| r-devel-linux-x86_64-fedora-gcc | 1.1.0 | 36.00 | 43.79 | 79.79 | OK | |
| r-devel-windows-x86_64 | 1.1.0 | 35.00 | 64.00 | 99.00 | OK | |
| r-patched-linux-x86_64 | 1.1.0 | 17.60 | 30.35 | 47.95 | OK | |
| r-release-linux-x86_64 | 1.1.0 | 18.24 | 30.10 | 48.34 | OK | |
| r-release-macos-arm64 | 1.1.0 | 9.00 | 20.00 | 29.00 | OK | |
| r-release-macos-x86_64 | 1.1.0 | 15.00 | 32.00 | 47.00 | OK | |
| r-release-windows-x86_64 | 1.1.0 | 28.00 | 62.00 | 90.00 | OK | |
| r-oldrel-macos-arm64 | 1.1.0 | 7.00 | 18.00 | 25.00 | OK | |
| r-oldrel-macos-x86_64 | 1.1.0 | 11.00 | 26.00 | 37.00 | OK | |
| r-oldrel-windows-x86_64 | 1.1.0 | 34.00 | 75.00 | 109.00 | OK |
Version: 1.1.0
Check: CRAN incoming feasibility
Result: NOTE
Maintainer: ‘Matthieu Marbac <matthieu.marbac-lourdelle@ensai.fr>’
The Description field contains
(2020) <arXiv:2009.07662>.
Please refer to arXiv e-prints via their arXiv DOI <doi:10.48550/arXiv.YYMM.NNNNN>.
Flavors: r-devel-linux-x86_64-debian-clang, r-devel-linux-x86_64-debian-gcc