CRAN Package Check Results for Package MPCI

Last updated on 2025-04-29 13:51:31 CEST.

Flavor Version Tinstall Tcheck Ttotal Status Flags
r-devel-linux-x86_64-debian-clang 1.0.7 2.24 19.99 22.23 NOTE
r-devel-linux-x86_64-debian-gcc 1.0.7 1.67 16.13 17.80 NOTE
r-devel-linux-x86_64-fedora-clang 1.0.7 34.21 OK
r-devel-linux-x86_64-fedora-gcc 1.0.7 32.43 OK
r-devel-windows-x86_64 1.0.7 3.00 41.00 44.00 OK
r-patched-linux-x86_64 1.0.7 2.11 19.01 21.12 OK
r-release-linux-x86_64 1.0.7 2.05 19.05 21.10 OK
r-release-macos-arm64 1.0.7 16.00 OK
r-release-macos-x86_64 1.0.7 24.00 OK
r-release-windows-x86_64 1.0.7 4.00 43.00 47.00 OK
r-oldrel-macos-arm64 1.0.7 15.00 OK
r-oldrel-macos-x86_64 1.0.7 23.00 OK
r-oldrel-windows-x86_64 1.0.7 2.00 40.00 42.00 OK

Check Details

Version: 1.0.7
Check: CRAN incoming feasibility
Result: NOTE Maintainer: ‘Edgar Santos-Fernandez <edgar.santosfdez@gmail.com>’ No Authors@R field in DESCRIPTION. Please add one, modifying Authors@R: c(person(given = "Edgar", family = "Santos-Fernandez", role = c("aut", "cre"), email = "edgar.santosfdez@gmail.com"), person(given = "Michele", family = "Scagliarini.", role = "aut")) as necessary. Package CITATION file contains call(s) to old-style personList() or as.personList(). Please use c() on person objects instead. Package CITATION file contains call(s) to old-style citEntry(). Please use bibentry() instead. Flavors: r-devel-linux-x86_64-debian-clang, r-devel-linux-x86_64-debian-gcc