Last updated on 2025-11-18 14:52:44 CET.
| Flavor | Version | Tinstall | Tcheck | Ttotal | Status | Flags |
|---|---|---|---|---|---|---|
| r-devel-linux-x86_64-debian-clang | 1.0.1 | 2.07 | 22.81 | 24.88 | OK | |
| r-devel-linux-x86_64-debian-gcc | 1.0.1 | 1.44 | 18.59 | 20.03 | OK | |
| r-devel-linux-x86_64-fedora-clang | 1.0.1 | 37.09 | OK | |||
| r-devel-linux-x86_64-fedora-gcc | 1.0.1 | 36.63 | OK | |||
| r-devel-windows-x86_64 | 1.0.1 | 3.00 | 43.00 | 46.00 | NOTE | |
| r-patched-linux-x86_64 | 1.0.1 | 2.09 | 21.47 | 23.56 | OK | |
| r-release-linux-x86_64 | 1.0.1 | 1.97 | 21.66 | 23.63 | OK | |
| r-release-macos-arm64 | 1.0.1 | 1.00 | 12.00 | 13.00 | OK | |
| r-release-macos-x86_64 | 1.0.1 | 2.00 | 25.00 | 27.00 | OK | |
| r-release-windows-x86_64 | 1.0.1 | 3.00 | 41.00 | 44.00 | OK | |
| r-oldrel-macos-arm64 | 1.0.1 | 1.00 | 18.00 | 19.00 | OK | |
| r-oldrel-macos-x86_64 | 1.0.1 | 2.00 | 31.00 | 33.00 | OK | |
| r-oldrel-windows-x86_64 | 1.0.1 | 6.00 | 45.00 | 51.00 | OK |
Version: 1.0.1
Check: Rd files
Result: NOTE
checkRd: (-1) MRQoL-package.Rd:11-17: Only 2 columns allowed in this table (row 5 has 1)
Flavor: r-devel-windows-x86_64