Last updated on 2025-04-29 13:51:31 CEST.
Flavor | Version | Tinstall | Tcheck | Ttotal | Status | Flags |
---|---|---|---|---|---|---|
r-devel-linux-x86_64-debian-clang | 1.0 | 1.85 | 19.65 | 21.50 | NOTE | |
r-devel-linux-x86_64-debian-gcc | 1.0 | 1.59 | 15.75 | 17.34 | NOTE | |
r-devel-linux-x86_64-fedora-clang | 1.0 | 33.24 | OK | |||
r-devel-linux-x86_64-fedora-gcc | 1.0 | 32.91 | OK | |||
r-devel-windows-x86_64 | 1.0 | 3.00 | 36.00 | 39.00 | OK | |
r-patched-linux-x86_64 | 1.0 | 2.09 | 18.73 | 20.82 | OK | |
r-release-linux-x86_64 | 1.0 | 1.81 | 18.81 | 20.62 | OK | |
r-release-macos-arm64 | 1.0 | 20.00 | OK | |||
r-release-macos-x86_64 | 1.0 | 30.00 | OK | |||
r-release-windows-x86_64 | 1.0 | 4.00 | 36.00 | 40.00 | OK | |
r-oldrel-macos-arm64 | 1.0 | 15.00 | OK | |||
r-oldrel-macos-x86_64 | 1.0 | 22.00 | OK | |||
r-oldrel-windows-x86_64 | 1.0 | 4.00 | 37.00 | 41.00 | OK |
Version: 1.0
Check: CRAN incoming feasibility
Result: NOTE
Maintainer: ‘Ahmad Ousmen <ousmen.ahmad@hotmail.com>’
No Authors@R field in DESCRIPTION.
Please add one, modifying
Authors@R: person(given = "Ahmad",
family = "Ousmen",
role = c("aut", "cre"),
email = "ousmen.ahmad@hotmail.com")
as necessary.
File 'R/MRQoL-internal.R' sets .Random.seed.
This is usually neither needed nor wanted.
Flavors: r-devel-linux-x86_64-debian-clang, r-devel-linux-x86_64-debian-gcc