CRAN Package Check Results for Package MRmediation

Last updated on 2025-05-05 03:50:26 CEST.

Flavor Version Tinstall Tcheck Ttotal Status Flags
r-devel-linux-x86_64-debian-clang 1.0.1 6.69 61.07 67.76 NOTE
r-devel-linux-x86_64-debian-gcc 1.0.1 5.24 47.24 52.48 NOTE
r-devel-linux-x86_64-fedora-clang 1.0.1 104.56 OK
r-devel-linux-x86_64-fedora-gcc 1.0.1 105.74 OK
r-devel-windows-x86_64 1.0.1 8.00 71.00 79.00 OK
r-patched-linux-x86_64 1.0.1 7.48 59.12 66.60 OK
r-release-linux-x86_64 1.0.1 7.24 58.50 65.74 OK
r-release-macos-arm64 1.0.1 44.00 OK
r-release-macos-x86_64 1.0.1 79.00 OK
r-release-windows-x86_64 1.0.1 8.00 72.00 80.00 OK
r-oldrel-macos-arm64 1.0.1 45.00 OK
r-oldrel-macos-x86_64 1.0.1 55.00 OK
r-oldrel-windows-x86_64 1.0.1 11.00 88.00 99.00 OK

Check Details

Version: 1.0.1
Check: CRAN incoming feasibility
Result: NOTE Maintainer: ‘Qi Yan <qy2253@cumc.columbia.edu>’ No Authors@R field in DESCRIPTION. Please add one, modifying Authors@R: person(given = "Qi", family = "Yan", role = c("aut", "cre"), email = "qy2253@cumc.columbia.edu") as necessary. Flavors: r-devel-linux-x86_64-debian-clang, r-devel-linux-x86_64-debian-gcc