CRAN Package Check Results for Package MSG

Last updated on 2025-11-16 00:48:38 CET.

Flavor Version Tinstall Tcheck Ttotal Status Flags
r-devel-linux-x86_64-debian-clang 0.8 1.85 39.53 41.38 NOTE
r-devel-linux-x86_64-debian-gcc 0.8 1.71 32.61 34.32 NOTE
r-devel-linux-x86_64-fedora-clang 0.8 58.86 OK
r-devel-linux-x86_64-fedora-gcc 0.8 62.11 OK
r-devel-windows-x86_64 0.8 8.00 63.00 71.00 OK
r-patched-linux-x86_64 0.8 2.08 37.52 39.60 NOTE
r-release-linux-x86_64 0.8 1.83 37.40 39.23 NOTE
r-release-macos-arm64 0.8 1.00 30.00 31.00 OK
r-release-macos-x86_64 0.8 2.00 57.00 59.00 OK
r-release-windows-x86_64 0.8 7.00 65.00 72.00 OK
r-oldrel-macos-arm64 0.8 1.00 23.00 24.00 OK
r-oldrel-macos-x86_64 0.8 2.00 40.00 42.00 OK
r-oldrel-windows-x86_64 0.8 4.00 71.00 75.00 OK

Check Details

Version: 0.8
Check: for unstated dependencies in ‘demo’
Result: NOTE 'data(package=)' call not declared from: ‘MASS’ Flavors: r-devel-linux-x86_64-debian-clang, r-devel-linux-x86_64-debian-gcc, r-patched-linux-x86_64, r-release-linux-x86_64