Last updated on 2025-04-29 13:51:31 CEST.
Flavor | Version | Tinstall | Tcheck | Ttotal | Status | Flags |
---|---|---|---|---|---|---|
r-devel-linux-x86_64-debian-clang | 1.5 | 1.55 | 15.95 | 17.50 | NOTE | |
r-devel-linux-x86_64-debian-gcc | 1.5 | 1.23 | 13.47 | 14.70 | NOTE | |
r-devel-linux-x86_64-fedora-clang | 1.5 | 27.18 | OK | |||
r-devel-linux-x86_64-fedora-gcc | 1.5 | 26.31 | OK | |||
r-devel-windows-x86_64 | 1.5 | 3.00 | 35.00 | 38.00 | OK | |
r-patched-linux-x86_64 | 1.5 | 1.46 | 15.35 | 16.81 | OK | |
r-release-linux-x86_64 | 1.5 | 1.48 | 15.26 | 16.74 | OK | |
r-release-macos-arm64 | 1.5 | 17.00 | OK | |||
r-release-macos-x86_64 | 1.5 | 23.00 | OK | |||
r-release-windows-x86_64 | 1.5 | 3.00 | 35.00 | 38.00 | OK | |
r-oldrel-macos-arm64 | 1.5 | 13.00 | OK | |||
r-oldrel-macos-x86_64 | 1.5 | 20.00 | OK | |||
r-oldrel-windows-x86_64 | 1.5 | 3.00 | 35.00 | 38.00 | OK |
Version: 1.5
Check: CRAN incoming feasibility
Result: NOTE
Maintainer: ‘Hasan BULUT <hasan.bulut@omu.edu.tr>’
No Authors@R field in DESCRIPTION.
Please add one, modifying
Authors@R: person(given = "Hasan",
family = "BULUT",
role = c("aut", "cre"),
email = "hasan.bulut@omu.edu.tr")
as necessary.
Flavors: r-devel-linux-x86_64-debian-clang, r-devel-linux-x86_64-debian-gcc