CRAN Package Check Results for Package MScombine

Last updated on 2025-10-05 10:49:32 CEST.

Flavor Version Tinstall Tcheck Ttotal Status Flags
r-devel-linux-x86_64-debian-clang 1.4 2.02 24.45 26.47 NOTE
r-devel-linux-x86_64-debian-gcc 1.4 1.86 19.90 21.76 NOTE
r-devel-linux-x86_64-fedora-clang 1.4 40.79 OK
r-devel-linux-x86_64-fedora-gcc 1.4 40.78 OK
r-devel-windows-x86_64 1.4 4.00 42.00 46.00 OK
r-patched-linux-x86_64 1.4 2.21 23.38 25.59 OK
r-release-linux-x86_64 1.4 2.24 23.43 25.67 OK
r-release-macos-arm64 1.4 20.00 OK
r-release-macos-x86_64 1.4 33.00 OK
r-release-windows-x86_64 1.4 3.00 42.00 45.00 OK
r-oldrel-macos-arm64 1.4 16.00 NOTE
r-oldrel-macos-x86_64 1.4 30.00 NOTE
r-oldrel-windows-x86_64 1.4 4.00 47.00 51.00 NOTE

Check Details

Version: 1.4
Check: CRAN incoming feasibility
Result: NOTE Maintainer: ‘Monica Calderon-Santiago <b42casam@uco.es>’ No Authors@R field in DESCRIPTION. Please add one, modifying Authors@R: person(given = "Monica", family = "Calderon-Santiago", role = c("aut", "cre"), email = "b42casam@uco.es") as necessary. Flavors: r-devel-linux-x86_64-debian-clang, r-devel-linux-x86_64-debian-gcc

Version: 1.4
Check: LazyData
Result: NOTE 'LazyData' is specified without a 'data' directory Flavors: r-oldrel-macos-arm64, r-oldrel-macos-x86_64, r-oldrel-windows-x86_64