CRAN Package Check Results for Package MTA

Last updated on 2025-11-17 00:49:42 CET.

Flavor Version Tinstall Tcheck Ttotal Status Flags
r-devel-linux-x86_64-debian-clang 0.6.0 4.41 71.01 75.42 OK
r-devel-linux-x86_64-debian-gcc 0.6.0 3.44 55.64 59.08 NOTE
r-devel-linux-x86_64-fedora-clang 0.6.0 13.00 109.14 122.14 OK
r-devel-linux-x86_64-fedora-gcc 0.6.0 12.00 116.28 128.28 OK
r-devel-windows-x86_64 0.6.0 8.00 91.00 99.00 OK
r-patched-linux-x86_64 0.6.0 4.43 69.11 73.54 OK
r-release-linux-x86_64 0.6.0 4.74 68.26 73.00 OK
r-release-macos-arm64 0.6.0 3.00 49.00 52.00 OK
r-release-macos-x86_64 0.6.0 4.00 71.00 75.00 OK
r-release-windows-x86_64 0.6.0 6.00 78.00 84.00 OK
r-oldrel-macos-arm64 0.6.0 2.00 36.00 38.00 OK
r-oldrel-macos-x86_64 0.6.0 3.00 52.00 55.00 OK
r-oldrel-windows-x86_64 0.6.0 7.00 97.00 104.00 OK

Check Details

Version: 0.6.0
Check: CRAN incoming feasibility
Result: NOTE Maintainer: ‘Timothée Giraud <timothee.giraud@cnrs.fr>’ The BugReports field in DESCRIPTION has https://github.com/riatelab/MTA/issues/ which should likely be https://github.com/riatelab/MTA/issues/issues instead. Flavor: r-devel-linux-x86_64-debian-gcc