Last updated on 2025-04-29 13:51:29 CEST.
Flavor | Version | Tinstall | Tcheck | Ttotal | Status | Flags |
---|---|---|---|---|---|---|
r-devel-linux-x86_64-debian-clang | 1.2 | 1.48 | 16.70 | 18.18 | NOTE | |
r-devel-linux-x86_64-debian-gcc | 1.2 | 1.39 | 14.06 | 15.45 | NOTE | |
r-devel-linux-x86_64-fedora-clang | 1.2 | 28.62 | OK | |||
r-devel-linux-x86_64-fedora-gcc | 1.2 | 27.71 | OK | |||
r-devel-windows-x86_64 | 1.2 | 2.00 | 35.00 | 37.00 | OK | |
r-patched-linux-x86_64 | 1.2 | 1.79 | 16.13 | 17.92 | OK | |
r-release-linux-x86_64 | 1.2 | 1.65 | 16.16 | 17.81 | OK | |
r-release-macos-arm64 | 1.2 | 15.00 | OK | |||
r-release-macos-x86_64 | 1.2 | 21.00 | OK | |||
r-release-windows-x86_64 | 1.2 | 3.00 | 35.00 | 38.00 | OK | |
r-oldrel-macos-arm64 | 1.2 | 14.00 | OK | |||
r-oldrel-macos-x86_64 | 1.2 | 19.00 | OK | |||
r-oldrel-windows-x86_64 | 1.2 | 4.00 | 34.00 | 38.00 | OK |
Version: 1.2
Check: CRAN incoming feasibility
Result: NOTE
Maintainer: ‘Christiana Kartsonaki <christiana.kartsonaki@gmail.com>’
No Authors@R field in DESCRIPTION.
Please add one, modifying
Authors@R: person(given = "Christiana",
family = "Kartsonaki",
role = c("aut", "cre"),
email = "christiana.kartsonaki@gmail.com")
as necessary.
Flavors: r-devel-linux-x86_64-debian-clang, r-devel-linux-x86_64-debian-gcc