Last updated on 2025-04-29 13:51:30 CEST.
Flavor | Version | Tinstall | Tcheck | Ttotal | Status | Flags |
---|---|---|---|---|---|---|
r-devel-linux-x86_64-debian-clang | 0.1.5 | 1.97 | 23.57 | 25.54 | NOTE | |
r-devel-linux-x86_64-debian-gcc | 0.1.5 | 1.58 | 17.18 | 18.76 | NOTE | |
r-devel-linux-x86_64-fedora-clang | 0.1.5 | 40.64 | OK | |||
r-devel-linux-x86_64-fedora-gcc | 0.1.5 | 38.29 | OK | |||
r-devel-windows-x86_64 | 0.1.5 | 2.00 | 39.00 | 41.00 | OK | |
r-patched-linux-x86_64 | 0.1.5 | 1.96 | 22.28 | 24.24 | OK | |
r-release-linux-x86_64 | 0.1.5 | 1.55 | 22.29 | 23.84 | OK | |
r-release-macos-arm64 | 0.1.5 | 17.00 | OK | |||
r-release-macos-x86_64 | 0.1.5 | 25.00 | OK | |||
r-release-windows-x86_64 | 0.1.5 | 4.00 | 38.00 | 42.00 | OK | |
r-oldrel-macos-arm64 | 0.1.5 | 15.00 | OK | |||
r-oldrel-macos-x86_64 | 0.1.5 | 28.00 | OK | |||
r-oldrel-windows-x86_64 | 0.1.5 | 3.00 | 39.00 | 42.00 | OK |
Version: 0.1.5
Check: CRAN incoming feasibility
Result: NOTE
Maintainer: ‘Michael P.B. Gallaugher <gallaump@mcmaster.ca>’
No Authors@R field in DESCRIPTION.
Please add one, modifying
Authors@R: c(person(given = c("Michael", "P.B."),
family = "Gallaugher",
role = c("aut", "cre"),
email = "gallaump@mcmaster.ca"),
person(given = c("Paul", "D."),
family = "McNicholas",
role = "aut"))
as necessary.
Flavors: r-devel-linux-x86_64-debian-clang, r-devel-linux-x86_64-debian-gcc
Version: 0.1.5
Check: examples
Result: NOTE
Examples with CPU (user + system) or elapsed time > 5s
user system elapsed
Fit_Skewt 5.755 0.047 6.746
Flavor: r-devel-linux-x86_64-debian-clang