CRAN Package Check Results for Package MatrixCorrelation

Last updated on 2025-11-16 06:49:42 CET.

Flavor Version Tinstall Tcheck Ttotal Status Flags
r-devel-linux-x86_64-debian-clang 0.10.1 42.04 71.06 113.10 OK
r-devel-linux-x86_64-debian-gcc 0.10.1 26.47 53.73 80.20 NOTE
r-devel-linux-x86_64-fedora-clang 0.10.1 84.00 113.58 197.58 OK
r-devel-linux-x86_64-fedora-gcc 0.10.1 180.00 4.06 184.06 OK
r-devel-windows-x86_64 0.10.1 61.00 98.00 159.00 OK
r-patched-linux-x86_64 0.10.1 37.78 67.60 105.38 OK
r-release-linux-x86_64 0.10.1 38.98 67.55 106.53 OK
r-release-macos-arm64 0.10.1 17.00 31.00 48.00 OK
r-release-macos-x86_64 0.10.1 25.00 54.00 79.00 OK
r-release-windows-x86_64 0.10.1 53.00 96.00 149.00 OK
r-oldrel-macos-arm64 0.10.1 17.00 34.00 51.00 OK
r-oldrel-macos-x86_64 0.10.1 26.00 60.00 86.00 OK
r-oldrel-windows-x86_64 0.10.1 64.00 121.00 185.00 OK

Check Details

Version: 0.10.1
Check: CRAN incoming feasibility
Result: NOTE Maintainer: ‘Kristian Hovde Liland <kristian.liland@nmbu.no>’ The BugReports field in DESCRIPTION has https://github.com/khliland/MatrixCorrelation/issues/ which should likely be https://github.com/khliland/MatrixCorrelation/issues/issues instead. Flavor: r-devel-linux-x86_64-debian-gcc