Last updated on 2024-07-13 05:49:19 CEST.
Flavor | Version | Tinstall | Tcheck | Ttotal | Status | Flags |
---|---|---|---|---|---|---|
r-devel-linux-x86_64-debian-clang | 1.0.1 | 2.13 | 43.03 | 45.16 | NOTE | |
r-devel-linux-x86_64-debian-gcc | 1.0.1 | 2.29 | 31.42 | 33.71 | NOTE | |
r-devel-linux-x86_64-fedora-clang | 1.0.1 | 57.37 | NOTE | |||
r-devel-linux-x86_64-fedora-gcc | 1.0.1 | 72.51 | NOTE | |||
r-devel-windows-x86_64 | 1.0.1 | 3.00 | 54.00 | 57.00 | OK | |
r-patched-linux-x86_64 | 1.0.1 | 3.51 | 40.10 | 43.61 | NOTE | |
r-release-linux-x86_64 | 1.0.1 | 2.75 | 40.09 | 42.84 | NOTE | |
r-release-macos-arm64 | 1.0.1 | 27.00 | OK | |||
r-release-macos-x86_64 | 1.0.1 | 40.00 | OK | |||
r-release-windows-x86_64 | 1.0.1 | 3.00 | 53.00 | 56.00 | OK | |
r-oldrel-macos-arm64 | 1.0.1 | 29.00 | OK | |||
r-oldrel-macos-x86_64 | 1.0.1 | 38.00 | OK | |||
r-oldrel-windows-x86_64 | 1.0.1 | 4.00 | 63.00 | 67.00 | OK |
Version: 1.0.1
Check: for non-standard things in the check directory
Result: NOTE
Found the following files/directories:
‘MetProc_output.pdf’ ‘sample_removed.csv’ ‘sample_retained.csv’
Flavors: r-devel-linux-x86_64-debian-clang, r-devel-linux-x86_64-debian-gcc, r-devel-linux-x86_64-fedora-clang, r-devel-linux-x86_64-fedora-gcc, r-patched-linux-x86_64, r-release-linux-x86_64