Last updated on 2025-10-24 11:50:51 CEST.
| Flavor | Version | Tinstall | Tcheck | Ttotal | Status | Flags |
|---|---|---|---|---|---|---|
| r-devel-linux-x86_64-debian-clang | 1.1.2 | 17.62 | 156.72 | 174.34 | NOTE | |
| r-devel-linux-x86_64-debian-gcc | 1.1.2 | 10.50 | 106.95 | 117.45 | NOTE | |
| r-devel-linux-x86_64-fedora-clang | 1.1.2 | 109.00 | 168.77 | 277.77 | NOTE | |
| r-devel-linux-x86_64-fedora-gcc | 1.1.2 | 41.00 | 220.56 | 261.56 | NOTE | |
| r-devel-windows-x86_64 | 1.1.2 | 19.00 | 159.00 | 178.00 | NOTE | |
| r-patched-linux-x86_64 | 1.1.2 | 17.34 | 144.01 | 161.35 | NOTE | |
| r-release-linux-x86_64 | 1.1.2 | 15.67 | 144.43 | 160.10 | NOTE | |
| r-release-macos-arm64 | 1.1.2 | 7.00 | 70.00 | 77.00 | NOTE | |
| r-release-macos-x86_64 | 1.1.2 | 13.00 | 117.00 | 130.00 | NOTE | |
| r-release-windows-x86_64 | 1.1.2 | 19.00 | 159.00 | 178.00 | NOTE | |
| r-oldrel-macos-arm64 | 1.1.2 | 7.00 | 63.00 | 70.00 | NOTE | |
| r-oldrel-macos-x86_64 | 1.1.2 | 10.00 | 91.00 | 101.00 | NOTE | |
| r-oldrel-windows-x86_64 | 1.1.2 | 26.00 | 207.00 | 233.00 | NOTE |
Version: 1.1.2
Check: CRAN incoming feasibility
Result: NOTE
Maintainer: ‘Olajumoke Evangelina Owokotomo <olajumoke.owokotomo@uhasselt.be>’
The BugReports field in DESCRIPTION has
https://github.com/OlajumokeEvangelina/MetabolicSurv/issues/new
which should likely be
https://github.com/OlajumokeEvangelina/MetabolicSurv/issues/new/issues
instead.
Flavors: r-devel-linux-x86_64-debian-clang, r-devel-linux-x86_64-debian-gcc
Version: 1.1.2
Check: Rd files
Result: NOTE
checkRd: (-1) CVLasoelacox.Rd:68-69: Lost braces in \itemize; \value handles \item{}{} directly
checkRd: (-1) CVLasoelacox.Rd:70-71: Lost braces in \itemize; \value handles \item{}{} directly
checkRd: (-1) CVLasoelacox.Rd:72: Lost braces in \itemize; \value handles \item{}{} directly
checkRd: (-1) CVLasoelacox.Rd:73: Lost braces in \itemize; \value handles \item{}{} directly
checkRd: (-1) CVLasoelacox.Rd:74-76: Lost braces in \itemize; \value handles \item{}{} directly
checkRd: (-1) CVLasoelacox.Rd:77-79: Lost braces in \itemize; \value handles \item{}{} directly
checkRd: (-1) CVLasoelacox.Rd:80-81: Lost braces in \itemize; \value handles \item{}{} directly
checkRd: (-1) CVLasoelacox.Rd:82-85: Lost braces in \itemize; \value handles \item{}{} directly
checkRd: (-1) CVLasoelacox.Rd:86-87: Lost braces in \itemize; \value handles \item{}{} directly
Flavors: r-devel-linux-x86_64-debian-clang, r-devel-linux-x86_64-debian-gcc, r-devel-linux-x86_64-fedora-clang, r-devel-linux-x86_64-fedora-gcc, r-devel-windows-x86_64, r-patched-linux-x86_64, r-release-linux-x86_64, r-release-macos-arm64, r-release-macos-x86_64, r-release-windows-x86_64, r-oldrel-macos-arm64, r-oldrel-macos-x86_64, r-oldrel-windows-x86_64