CRAN Package Check Results for Package MicroMacroMultilevel

Last updated on 2025-04-29 13:51:30 CEST.

Flavor Version Tinstall Tcheck Ttotal Status Flags
r-devel-linux-x86_64-debian-clang 0.4.0 1.76 22.79 24.55 NOTE
r-devel-linux-x86_64-debian-gcc 0.4.0 1.57 17.63 19.20 NOTE
r-devel-linux-x86_64-fedora-clang 0.4.0 38.03 OK
r-devel-linux-x86_64-fedora-gcc 0.4.0 38.39 OK
r-devel-windows-x86_64 0.4.0 3.00 45.00 48.00 OK
r-patched-linux-x86_64 0.4.0 1.85 21.35 23.20 OK
r-release-linux-x86_64 0.4.0 1.80 21.38 23.18 OK
r-release-macos-arm64 0.4.0 20.00 OK
r-release-macos-x86_64 0.4.0 27.00 OK
r-release-windows-x86_64 0.4.0 3.00 46.00 49.00 OK
r-oldrel-macos-arm64 0.4.0 15.00 NOTE
r-oldrel-macos-x86_64 0.4.0 28.00 NOTE
r-oldrel-windows-x86_64 0.4.0 3.00 51.00 54.00 NOTE

Check Details

Version: 0.4.0
Check: CRAN incoming feasibility
Result: NOTE Maintainer: ‘Nancy R Xu <nancyranxu@gmail.com>’ Found the following \keyword or \concept entries which likely give several index terms: File ‘adjusted.predictors.Rd’: \keyword{micro-macro,} \keyword{modeling,} File ‘micromacro.lm.Rd’: \keyword{micro-macro,} \keyword{modeling,} \keyword{variables,} File ‘micromacro.summary.Rd’: \keyword{micro-macro,} \keyword{modeling,} Flavors: r-devel-linux-x86_64-debian-clang, r-devel-linux-x86_64-debian-gcc

Version: 0.4.0
Check: LazyData
Result: NOTE 'LazyData' is specified without a 'data' directory Flavors: r-oldrel-macos-arm64, r-oldrel-macos-x86_64, r-oldrel-windows-x86_64