Last updated on 2025-04-29 13:51:30 CEST.
Flavor | Version | Tinstall | Tcheck | Ttotal | Status | Flags |
---|---|---|---|---|---|---|
r-devel-linux-x86_64-debian-clang | 0.1.3 | 1.56 | 16.95 | 18.51 | NOTE | |
r-devel-linux-x86_64-debian-gcc | 0.1.3 | 1.32 | 13.89 | 15.21 | NOTE | |
r-devel-linux-x86_64-fedora-clang | 0.1.3 | 29.25 | OK | |||
r-devel-linux-x86_64-fedora-gcc | 0.1.3 | 28.47 | OK | |||
r-devel-windows-x86_64 | 0.1.3 | 3.00 | 35.00 | 38.00 | OK | |
r-patched-linux-x86_64 | 0.1.3 | 1.63 | 16.46 | 18.09 | OK | |
r-release-linux-x86_64 | 0.1.3 | 1.62 | 16.32 | 17.94 | OK | |
r-release-macos-arm64 | 0.1.3 | 15.00 | OK | |||
r-release-macos-x86_64 | 0.1.3 | 27.00 | OK | |||
r-release-windows-x86_64 | 0.1.3 | 3.00 | 36.00 | 39.00 | OK | |
r-oldrel-macos-arm64 | 0.1.3 | 14.00 | OK | |||
r-oldrel-macos-x86_64 | 0.1.3 | 19.00 | OK | |||
r-oldrel-windows-x86_64 | 0.1.3 | 4.00 | 40.00 | 44.00 | OK |
Version: 0.1.3
Check: CRAN incoming feasibility
Result: NOTE
Maintainer: ‘Man Jin <mj2149@gmail.com>’
No Authors@R field in DESCRIPTION.
Please add one, modifying
Authors@R: c(person(given = "Man",
family = "Jin",
role = c("aut", "cre"),
email = "mj2149@gmail.com"),
person(given = "Adam",
family = "Polis",
role = "aut"),
person(given = "Jonathan",
family = "Hartzel",
role = "aut"))
as necessary.
Flavors: r-devel-linux-x86_64-debian-clang, r-devel-linux-x86_64-debian-gcc