Last updated on 2024-06-27 16:49:09 CEST.
Flavor | Version | Tinstall | Tcheck | Ttotal | Status | Flags |
---|---|---|---|---|---|---|
r-devel-linux-x86_64-debian-clang | 0.1.0 | OK | ||||
r-devel-linux-x86_64-debian-gcc | 0.1.0 | 4.86 | 302.41 | 307.27 | OK | |
r-devel-linux-x86_64-fedora-clang | 0.1.0 | 482.75 | OK | |||
r-devel-linux-x86_64-fedora-gcc | 0.1.0 | 515.89 | OK | |||
r-devel-windows-x86_64 | 0.1.0 | 7.00 | 328.00 | 335.00 | OK | |
r-patched-linux-x86_64 | 0.1.0 | 5.20 | 369.24 | 374.44 | OK | |
r-release-linux-x86_64 | 0.1.0 | 4.10 | 398.10 | 402.20 | OK | |
r-release-macos-arm64 | 0.1.0 | 149.00 | OK | |||
r-release-macos-x86_64 | 0.1.0 | 297.00 | OK | |||
r-release-windows-x86_64 | 0.1.0 | 9.00 | 329.00 | 338.00 | OK | |
r-oldrel-macos-arm64 | 0.1.0 | 166.00 | NOTE | |||
r-oldrel-macos-x86_64 | 0.1.0 | 297.00 | NOTE | |||
r-oldrel-windows-x86_64 | 0.1.0 | 9.00 | 335.00 | 344.00 | OK |
Version: 0.1.0
Check: package dependencies
Result: NOTE
Packages suggested but not available for checking:
'karyoploteR', 'regioneR'
Flavor: r-oldrel-macos-arm64
Version: 0.1.0
Check: package dependencies
Result: NOTE
Packages suggested but not available for checking:
'clustree', 'karyoploteR', 'regioneR'
Flavor: r-oldrel-macos-x86_64