Last updated on 2025-11-16 00:48:37 CET.
| Flavor | Version | Tinstall | Tcheck | Ttotal | Status | Flags |
|---|---|---|---|---|---|---|
| r-devel-linux-x86_64-debian-clang | 3.5.0 | 5.88 | 51.00 | 56.88 | NOTE | |
| r-devel-linux-x86_64-debian-gcc | 3.5.0 | 3.90 | 39.73 | 43.63 | NOTE | |
| r-devel-linux-x86_64-fedora-clang | 3.5.0 | 44.00 | 52.78 | 96.78 | OK | |
| r-devel-linux-x86_64-fedora-gcc | 3.5.0 | 27.00 | 73.11 | 100.11 | OK | |
| r-devel-windows-x86_64 | 3.5.0 | 12.00 | 69.00 | 81.00 | OK | |
| r-patched-linux-x86_64 | 3.5.0 | 5.72 | 48.34 | 54.06 | OK | |
| r-release-linux-x86_64 | 3.5.0 | 5.98 | 49.21 | 55.19 | OK | |
| r-release-macos-arm64 | 3.5.0 | 3.00 | 47.00 | 50.00 | OK | |
| r-release-macos-x86_64 | 3.5.0 | 5.00 | 72.00 | 77.00 | OK | |
| r-release-windows-x86_64 | 3.5.0 | 8.00 | 68.00 | 76.00 | OK | |
| r-oldrel-macos-arm64 | 3.5.0 | 3.00 | 47.00 | 50.00 | OK | |
| r-oldrel-macos-x86_64 | 3.5.0 | 4.00 | 89.00 | 93.00 | OK | |
| r-oldrel-windows-x86_64 | 3.5.0 | 10.00 | 85.00 | 95.00 | OK |
Version: 3.5.0
Check: DESCRIPTION meta-information
Result: NOTE
Author field differs from that derived from Authors@R
Author: ‘Michael Sovic [aut, ccp, cre] (<https://orcid.org/0000-0002-8556-3704>), Francesca Savona [res], Zuzana Bohrerova [res, fnd], Seth Faith [ccp, ctb] (0000-0002-0441-9859)’
Authors@R: ‘Michael Sovic [aut, ccp, cre] (ORCID: <https://orcid.org/0000-0002-8556-3704>), Francesca Savona [res], Zuzana Bohrerova [res, fnd], Seth Faith [ccp, ctb] (ORDIC: 0000-0002-0441-9859)’
Flavors: r-devel-linux-x86_64-debian-clang, r-devel-linux-x86_64-debian-gcc