Last updated on 2025-11-16 06:49:43 CET.
| Flavor | Version | Tinstall | Tcheck | Ttotal | Status | Flags |
|---|---|---|---|---|---|---|
| r-devel-linux-x86_64-debian-clang | 1.0.0 | 3.24 | 31.44 | 34.68 | OK | |
| r-devel-linux-x86_64-debian-gcc | 1.0.0 | 2.30 | 25.19 | 27.49 | NOTE | |
| r-devel-linux-x86_64-fedora-clang | 1.0.0 | 50.89 | OK | |||
| r-devel-linux-x86_64-fedora-gcc | 1.0.0 | 49.93 | OK | |||
| r-devel-windows-x86_64 | 1.0.0 | 6.00 | 48.00 | 54.00 | OK | |
| r-patched-linux-x86_64 | 1.0.0 | 3.40 | 29.99 | 33.39 | OK | |
| r-release-linux-x86_64 | 1.0.0 | 2.92 | 30.21 | 33.13 | OK | |
| r-release-macos-arm64 | 1.0.0 | 2.00 | 16.00 | 18.00 | OK | |
| r-release-macos-x86_64 | 1.0.0 | 3.00 | 29.00 | 32.00 | OK | |
| r-release-windows-x86_64 | 1.0.0 | 4.00 | 48.00 | 52.00 | OK | |
| r-oldrel-macos-arm64 | 1.0.0 | 2.00 | 23.00 | 25.00 | OK | |
| r-oldrel-macos-x86_64 | 1.0.0 | 3.00 | 36.00 | 39.00 | OK | |
| r-oldrel-windows-x86_64 | 1.0.0 | 6.00 | 56.00 | 62.00 | OK |
Version: 1.0.0
Check: CRAN incoming feasibility
Result: NOTE
Maintainer: ‘Mariska Slofstra <m.k.slofstra@umcg.nl>’
The BugReports field in DESCRIPTION has
https://github.com/molgenis/molgenis-r-auth/issues/
which should likely be
https://github.com/molgenis/molgenis-r-auth/issues/issues
instead.
Flavor: r-devel-linux-x86_64-debian-gcc