CRAN Package Check Results for Package Mqrcm

Last updated on 2025-11-16 06:49:44 CET.

Flavor Version Tinstall Tcheck Ttotal Status Flags
r-devel-linux-x86_64-debian-clang 1.3 12.21 97.61 109.82 NOTE
r-devel-linux-x86_64-debian-gcc 1.3 9.64 70.58 80.22 NOTE
r-devel-linux-x86_64-fedora-clang 1.3 27.00 149.40 176.40 OK
r-devel-linux-x86_64-fedora-gcc 1.3 25.00 138.59 163.59 OK
r-devel-windows-x86_64 1.3 14.00 97.00 111.00 OK
r-patched-linux-x86_64 1.3 11.99 93.28 105.27 OK
r-release-linux-x86_64 1.3 12.01 93.70 105.71 OK
r-release-macos-arm64 1.3 5.00 36.00 41.00 OK
r-release-macos-x86_64 1.3 11.00 82.00 93.00 OK
r-release-windows-x86_64 1.3 13.00 99.00 112.00 OK
r-oldrel-macos-arm64 1.3 5.00 40.00 45.00 OK
r-oldrel-macos-x86_64 1.3 8.00 55.00 63.00 OK
r-oldrel-windows-x86_64 1.3 19.00 123.00 142.00 OK

Check Details

Version: 1.3
Check: CRAN incoming feasibility
Result: NOTE Maintainer: ‘Paolo Frumento <paolo.frumento@unipi.it>’ No Authors@R field in DESCRIPTION. Please add one, modifying Authors@R: person(given = "Paolo", family = "Frumento", role = c("aut", "cre"), email = "paolo.frumento@unipi.it") as necessary. Flavors: r-devel-linux-x86_64-debian-clang, r-devel-linux-x86_64-debian-gcc