CRAN Package Check Results for Package NAC

Last updated on 2025-11-16 18:49:37 CET.

Flavor Version Tinstall Tcheck Ttotal Status Flags
r-devel-linux-x86_64-debian-clang 0.1.0 2.00 22.79 24.79 NOTE
r-devel-linux-x86_64-debian-gcc 0.1.0 1.74 18.69 20.43 NOTE
r-devel-linux-x86_64-fedora-clang 0.1.0 38.95 OK
r-devel-linux-x86_64-fedora-gcc 0.1.0 34.62 OK
r-devel-windows-x86_64 0.1.0 5.00 40.00 45.00 OK
r-patched-linux-x86_64 0.1.0 2.41 21.38 23.79 OK
r-release-linux-x86_64 0.1.0 2.01 21.26 23.27 OK
r-release-macos-arm64 0.1.0 1.00 15.00 16.00 OK
r-release-macos-x86_64 0.1.0 2.00 26.00 28.00 OK
r-release-windows-x86_64 0.1.0 4.00 41.00 45.00 OK
r-oldrel-macos-arm64 0.1.0 1.00 15.00 16.00 OK
r-oldrel-macos-x86_64 0.1.0 2.00 20.00 22.00 OK
r-oldrel-windows-x86_64 0.1.0 5.00 47.00 52.00 OK

Check Details

Version: 0.1.0
Check: CRAN incoming feasibility
Result: NOTE Maintainer: ‘Yaofang Hu <yaofangh@smu.edu>’ The Description field contains Wang (2023) <arXiv:2306.15616>. In addition to NAC, this package Please refer to arXiv e-prints via their arXiv DOI <doi:10.48550/arXiv.YYMM.NNNNN>. Flavors: r-devel-linux-x86_64-debian-clang, r-devel-linux-x86_64-debian-gcc