CRAN Package Check Results for Package NBDdirichlet

Last updated on 2025-04-29 13:51:31 CEST.

Flavor Version Tinstall Tcheck Ttotal Status Flags
r-devel-linux-x86_64-debian-clang 1.4 2.04 26.09 28.13 NOTE
r-devel-linux-x86_64-debian-gcc 1.4 1.50 19.77 21.27 NOTE
r-devel-linux-x86_64-fedora-clang 1.4 44.03 OK
r-devel-linux-x86_64-fedora-gcc 1.4 43.67 OK
r-devel-windows-x86_64 1.4 2.00 48.00 50.00 OK
r-patched-linux-x86_64 1.4 2.32 24.91 27.23 OK
r-release-linux-x86_64 1.4 2.13 24.62 26.75 OK
r-release-macos-arm64 1.4 18.00 OK
r-release-macos-x86_64 1.4 38.00 OK
r-release-windows-x86_64 1.4 4.00 49.00 53.00 OK
r-oldrel-macos-arm64 1.4 16.00 OK
r-oldrel-macos-x86_64 1.4 44.00 OK
r-oldrel-windows-x86_64 1.4 3.00 48.00 51.00 OK

Check Details

Version: 1.4
Check: CRAN incoming feasibility
Result: NOTE Maintainer: ‘Feiming Chen <feimingchen@yahoo.com>’ No Authors@R field in DESCRIPTION. Please add one, modifying Authors@R: person(given = "Feiming", family = "Chen", role = c("aut", "cre"), email = "feimingchen@yahoo.com") as necessary. Flavors: r-devel-linux-x86_64-debian-clang, r-devel-linux-x86_64-debian-gcc