Last updated on 2025-10-02 22:51:05 CEST.
Flavor | Version | Tinstall | Tcheck | Ttotal | Status | Flags |
---|---|---|---|---|---|---|
r-devel-linux-x86_64-debian-clang | 11.6 | 68.57 | 159.49 | 228.06 | OK | |
r-devel-linux-x86_64-debian-gcc | 11.6 | 55.33 | 119.81 | 175.14 | OK | |
r-devel-linux-x86_64-fedora-clang | 11.6 | 412.39 | OK | |||
r-devel-linux-x86_64-fedora-gcc | 11.6.1 | 422.22 | OK | |||
r-devel-windows-x86_64 | 11.6 | 78.00 | 199.00 | 277.00 | OK | |
r-patched-linux-x86_64 | 11.6 | 79.67 | 146.80 | 226.47 | OK | |
r-release-linux-x86_64 | 11.5 | 47.71 | 192.49 | 240.20 | OK | |
r-release-macos-arm64 | 11.5 | 161.00 | OK | |||
r-release-macos-x86_64 | 11.6.1 | 223.00 | OK | |||
r-release-windows-x86_64 | 11.6 | 94.00 | 174.00 | 268.00 | OK | |
r-oldrel-macos-arm64 | 11.5 | 152.00 | NOTE | |||
r-oldrel-macos-x86_64 | 11.6.1 | 238.00 | NOTE | |||
r-oldrel-windows-x86_64 | 11.6 | 107.00 | 191.00 | 298.00 | ERROR |
Version: 11.5
Check: for GNU extensions in Makefiles
Result: NOTE
GNU make is a SystemRequirements.
Flavor: r-oldrel-macos-arm64
Version: 11.6.1
Check: installed package size
Result: NOTE
installed size is 7.7Mb
sub-directories of 1Mb or more:
doc 1.6Mb
libs 5.6Mb
Flavor: r-oldrel-macos-x86_64
Version: 11.6.1
Check: for GNU extensions in Makefiles
Result: NOTE
GNU make is a SystemRequirements.
Flavor: r-oldrel-macos-x86_64
Version: 11.6
Check: for GNU extensions in Makefiles
Result: NOTE
GNU make is a SystemRequirements.
Flavor: r-oldrel-windows-x86_64
Version: 11.6
Check: re-building of vignette outputs
Result: ERROR
Error(s) in re-building vignettes:
--- re-building 'NNSvignette_Classification.Rmd' using rmarkdown
--- finished re-building 'NNSvignette_Classification.Rmd'
--- re-building 'NNSvignette_Clustering_and_Regression.Rmd' using rmarkdown
--- finished re-building 'NNSvignette_Clustering_and_Regression.Rmd'
--- re-building 'NNSvignette_Comparing_Distributions.Rmd' using rmarkdown
--- finished re-building 'NNSvignette_Comparing_Distributions.Rmd'
--- re-building 'NNSvignette_Correlation_and_Dependence.Rmd' using rmarkdown
--- finished re-building 'NNSvignette_Correlation_and_Dependence.Rmd'
--- re-building 'NNSvignette_Forecasting.Rmd' using rmarkdown
--- finished re-building 'NNSvignette_Forecasting.Rmd'
--- re-building 'NNSvignette_Overview.Rmd' using rmarkdown
--- re-building 'NNSvignette_Partial_Moments.Rmd' using rmarkdown
--- finished re-building 'NNSvignette_Partial_Moments.Rmd'
--- re-building 'NNSvignette_Sampling.Rmd' using rmarkdown
--- finished re-building 'NNSvignette_Sampling.Rmd'
SUMMARY: processing the following file failed:
'NNSvignette_Overview.Rmd'
Error: Vignette re-building failed.
Execution halted
Flavor: r-oldrel-windows-x86_64