Last updated on 2025-04-29 13:51:32 CEST.
Flavor | Version | Tinstall | Tcheck | Ttotal | Status | Flags |
---|---|---|---|---|---|---|
r-devel-linux-x86_64-debian-clang | 0.2.1 | 2.10 | 45.70 | 47.80 | NOTE | |
r-devel-linux-x86_64-debian-gcc | 0.2.1 | 1.73 | 35.13 | 36.86 | NOTE | |
r-devel-linux-x86_64-fedora-clang | 0.2.1 | 74.32 | OK | |||
r-devel-linux-x86_64-fedora-gcc | 0.2.1 | 74.57 | OK | |||
r-devel-windows-x86_64 | 0.2.1 | 4.00 | 64.00 | 68.00 | OK | |
r-patched-linux-x86_64 | 0.2.1 | 2.45 | 46.91 | 49.36 | OK | |
r-release-linux-x86_64 | 0.2.1 | 2.19 | 47.87 | 50.06 | OK | |
r-release-macos-arm64 | 0.2.1 | 30.00 | OK | |||
r-release-macos-x86_64 | 0.2.1 | 53.00 | OK | |||
r-release-windows-x86_64 | 0.2.1 | 4.00 | 65.00 | 69.00 | OK | |
r-oldrel-macos-arm64 | 0.2.1 | 31.00 | OK | |||
r-oldrel-macos-x86_64 | 0.2.1 | 40.00 | OK | |||
r-oldrel-windows-x86_64 | 0.2.1 | 5.00 | 75.00 | 80.00 | OK |
Version: 0.2.1
Check: examples
Result: NOTE
Examples with CPU (user + system) or elapsed time > 5s
user system elapsed
odmeans_graph 6.360 0.083 7.387
odmeans 5.272 0.110 6.306
second_hierarchy 4.970 0.170 5.985
first_hierarchy 4.232 0.184 5.790
Flavor: r-devel-linux-x86_64-debian-clang
Version: 0.2.1
Check: examples
Result: NOTE
Examples with CPU (user + system) or elapsed time > 5s
user system elapsed
odmeans_graph 4.534 0.106 5.856
odmeans 3.889 0.047 5.221
Flavor: r-devel-linux-x86_64-debian-gcc