Last updated on 2025-04-29 13:51:33 CEST.
Flavor | Version | Tinstall | Tcheck | Ttotal | Status | Flags |
---|---|---|---|---|---|---|
r-devel-linux-x86_64-debian-clang | 0.1.2 | 20.65 | 376.58 | 397.23 | NOTE | |
r-devel-linux-x86_64-debian-gcc | 0.1.2 | 14.22 | 232.21 | 246.43 | NOTE | |
r-devel-linux-x86_64-fedora-clang | 0.1.2 | 598.66 | NOTE | |||
r-devel-linux-x86_64-fedora-gcc | 0.1.2 | 583.21 | NOTE | |||
r-devel-windows-x86_64 | 0.1.2 | 21.00 | 316.00 | 337.00 | NOTE | |
r-patched-linux-x86_64 | 0.1.2 | 21.12 | 349.00 | 370.12 | NOTE | |
r-release-linux-x86_64 | 0.1.2 | 20.97 | 350.92 | 371.89 | NOTE | |
r-release-macos-arm64 | 0.1.2 | 216.00 | NOTE | |||
r-release-macos-x86_64 | 0.1.2 | 301.00 | NOTE | |||
r-release-windows-x86_64 | 0.1.2 | 24.00 | 320.00 | 344.00 | NOTE | |
r-oldrel-macos-arm64 | 0.1.2 | 155.00 | NOTE | |||
r-oldrel-macos-x86_64 | 0.1.2 | 234.00 | NOTE | |||
r-oldrel-windows-x86_64 | 0.1.2 | 28.00 | 450.00 | 478.00 | NOTE |
Version: 0.1.2
Check: Rd files
Result: NOTE
checkRd: (-1) imput_cov.Rd:79: Lost braces
79 | \item van Buuren, S., Groothuis-Oudshoorn, K. (2011). mice: Multivariate Imputation by Chained Equations in R. Journal of Statistical Software, 45(3), 1–67. url{https://www.jstatsoft.org/v45/i03/}
| ^
checkRd: (-1) indiv_grp_closest.Rd:47: Lost braces; missing escapes or markup?
47 | The function \code{indiv_grp_closest} is an intermediate function used in the implementation of an algorithm called {OUTCOME} (and its enrichment {R-OUTCOME}, see the reference (2) for more details) dedicated to the solving of recoding problems in data fusion using Optimal Transportation theory.
| ^
checkRd: (-1) indiv_grp_closest.Rd:47: Lost braces; missing escapes or markup?
47 | The function \code{indiv_grp_closest} is an intermediate function used in the implementation of an algorithm called {OUTCOME} (and its enrichment {R-OUTCOME}, see the reference (2) for more details) dedicated to the solving of recoding problems in data fusion using Optimal Transportation theory.
| ^
checkRd: (-1) merge_dbs.Rd:179: Lost braces
179 | \item van Buuren, S., Groothuis-Oudshoorn, K. (2011). mice: Multivariate Imputation by Chained Equations in R. Journal of Statistical Software, 45(3), 1–67. url{https://www.jstatsoft.org/v45/i03/}
| ^
Flavors: r-devel-linux-x86_64-debian-clang, r-devel-linux-x86_64-debian-gcc, r-devel-linux-x86_64-fedora-clang, r-devel-linux-x86_64-fedora-gcc, r-devel-windows-x86_64, r-patched-linux-x86_64, r-release-linux-x86_64, r-release-macos-arm64, r-release-macos-x86_64, r-release-windows-x86_64, r-oldrel-macos-arm64, r-oldrel-macos-x86_64, r-oldrel-windows-x86_64
Version: 0.1.2
Check: examples
Result: NOTE
Examples with CPU (user + system) or elapsed time > 5s
user system elapsed
proxim_dist 4.709 0.024 5.249
Flavor: r-devel-linux-x86_64-debian-clang