CRAN Package Check Results for Package OceanView

Last updated on 2025-04-29 13:51:32 CEST.

Flavor Version Tinstall Tcheck Ttotal Status Flags
r-devel-linux-x86_64-debian-clang 1.0.7 10.44 92.20 102.64 NOTE
r-devel-linux-x86_64-debian-gcc 1.0.7 7.87 71.84 79.71 NOTE
r-devel-linux-x86_64-fedora-clang 1.0.7 168.54 OK
r-devel-linux-x86_64-fedora-gcc 1.0.7 179.71 OK
r-devel-windows-x86_64 1.0.7 13.00 143.00 156.00 NOTE
r-patched-linux-x86_64 1.0.7 10.17 88.69 98.86 NOTE
r-release-linux-x86_64 1.0.7 9.19 88.59 97.78 NOTE
r-release-macos-arm64 1.0.7 81.00 OK
r-release-macos-x86_64 1.0.7 122.00 OK
r-release-windows-x86_64 1.0.7 16.00 162.00 178.00 NOTE
r-oldrel-macos-arm64 1.0.7 82.00 OK
r-oldrel-macos-x86_64 1.0.7 106.00 OK
r-oldrel-windows-x86_64 1.0.7 16.00 164.00 180.00 OK

Check Details

Version: 1.0.7
Check: CRAN incoming feasibility
Result: NOTE Maintainer: ‘Karline Soetaert <karline.soetaert@nioz.nl>’ No Authors@R field in DESCRIPTION. Please add one, modifying Authors@R: person(given = "Karline", family = "Soetaert", role = c("aut", "cre"), email = "karline.soetaert@nioz.nl") as necessary. Flavors: r-devel-linux-x86_64-debian-clang, r-devel-linux-x86_64-debian-gcc

Version: 1.0.7
Check: Rd cross-references
Result: NOTE Found the following Rd file(s) with Rd \link{} targets missing package anchors: Chesapeake.Rd: Oxsat Sylt.Rd: image2D, ImageOcean, scatter2D, Oxsat TempTraject.Rd: image2D, ImageOcean, scatter2D, Oxsat WSnioz.Rd: image2D, ImageOcean, scatter2D, Oxsat moviepersp.Rd: persp3Drgl, jet.col movieslice.Rd: slice3Drgl, jet.col, slice3D quiver.Rd: jet.col, colkey, contour2D, image2D, arrows2D, arrows3D, Arrows tracers2D.Rd: colkey, contour2D, image2D, scatter2D tracers3D.Rd: points3Drgl, colkey, scatter3D vectorplot.Rd: jet.col, colkey, Arrows Please provide package anchors for all Rd \link{} targets not in the package itself and the base packages. Flavors: r-devel-linux-x86_64-debian-clang, r-devel-linux-x86_64-debian-gcc, r-devel-windows-x86_64, r-patched-linux-x86_64, r-release-linux-x86_64, r-release-windows-x86_64

Version: 1.0.7
Check: examples
Result: NOTE Examples with CPU (user + system) or elapsed time > 5s user system elapsed Sylt 3.427 0.229 5.127 Flavor: r-devel-linux-x86_64-debian-clang