CRAN Package Check Results for Package Ohit

Last updated on 2025-04-29 13:51:32 CEST.

Flavor Version Tinstall Tcheck Ttotal Status Flags
r-devel-linux-x86_64-debian-clang 1.0.0 1.72 20.40 22.12 NOTE
r-devel-linux-x86_64-debian-gcc 1.0.0 1.44 16.62 18.06 NOTE
r-devel-linux-x86_64-fedora-clang 1.0.0 34.49 OK
r-devel-linux-x86_64-fedora-gcc 1.0.0 33.60 OK
r-devel-windows-x86_64 1.0.0 3.00 41.00 44.00 OK
r-patched-linux-x86_64 1.0.0 1.76 19.74 21.50 OK
r-release-linux-x86_64 1.0.0 1.71 19.98 21.69 OK
r-release-macos-arm64 1.0.0 16.00 OK
r-release-macos-x86_64 1.0.0 30.00 OK
r-release-windows-x86_64 1.0.0 2.00 42.00 44.00 OK
r-oldrel-macos-arm64 1.0.0 16.00 OK
r-oldrel-macos-x86_64 1.0.0 23.00 OK
r-oldrel-windows-x86_64 1.0.0 4.00 40.00 44.00 OK

Check Details

Version: 1.0.0
Check: CRAN incoming feasibility
Result: NOTE Maintainer: ‘Hai-Tang Chiou <htchiou1@gmail.com>’ No Authors@R field in DESCRIPTION. Please add one, modifying Authors@R: c(person(given = "Hai-Tang", family = "Chiou", role = c("aut", "cre"), email = "htchiou1@gmail.com"), person(given = "Ching-Kang", family = "Ing", role = "aut"), person(given = c("Tze", "Leung"), family = "Lai", role = "aut")) as necessary. Flavors: r-devel-linux-x86_64-debian-clang, r-devel-linux-x86_64-debian-gcc